CRAN Package Check Results for Package DPpack

Last updated on 2024-05-19 18:54:07 CEST.

Flavor Version Tinstall Tcheck Ttotal Status Flags
r-devel-linux-x86_64-debian-clang 0.1.0 32.35 58.88 91.23 NOTE
r-devel-linux-x86_64-debian-gcc 0.1.0 27.56 44.01 71.57 NOTE
r-devel-linux-x86_64-fedora-clang 0.1.0 121.54 NOTE
r-devel-linux-x86_64-fedora-gcc 0.1.0 116.75 NOTE
r-devel-windows-x86_64 0.1.0 27.00 69.00 96.00 NOTE
r-patched-linux-x86_64 0.1.0 28.45 56.43 84.88 NOTE
r-release-linux-x86_64 0.1.0 23.17 55.74 78.91 NOTE
r-release-macos-arm64 0.1.0 33.00 NOTE
r-release-windows-x86_64 0.1.0 26.00 71.00 97.00 NOTE
r-oldrel-macos-arm64 0.1.0 33.00 OK
r-oldrel-macos-x86_64 0.1.0 68.00 OK
r-oldrel-windows-x86_64 0.1.0 35.00 81.00 116.00 OK

Check Details

Version: 0.1.0
Check: Rd files
Result: NOTE checkRd: (-1) EmpiricalRiskMinimizationDP.CMS.Rd:139-140: Lost braces 139 | indicating which kernel to use for SVM. Must be one of {'linear', | ^ checkRd: (-1) covDP.Rd:33: Lost braces; missing escapes or markup? 33 | Can be one of {'bounded', 'unbounded', 'both'}. If 'bounded' (default), | ^ checkRd: (-1) covDP.Rd:43-44: Lost braces 43 | privacy. Currently the following mechanisms are supported: {'Laplace', | ^ checkRd: (-1) histogramDP.Rd:32: Lost braces; missing escapes or markup? 32 | Can be one of {'bounded', 'unbounded', 'both'}. If 'bounded' (default), | ^ checkRd: (-1) histogramDP.Rd:42-43: Lost braces 42 | privacy. Currently the following mechanisms are supported: {'Laplace', | ^ checkRd: (-1) meanDP.Rd:30: Lost braces; missing escapes or markup? 30 | Can be one of {'bounded', 'unbounded', 'both'}. If 'bounded' (default), | ^ checkRd: (-1) meanDP.Rd:40-41: Lost braces 40 | privacy. Currently the following mechanisms are supported: {'Laplace', | ^ checkRd: (-1) medianDP.Rd:27: Lost braces; missing escapes or markup? 27 | Can be one of {'bounded', 'unbounded', 'both'}. If 'bounded' (default), | ^ checkRd: (-1) medianDP.Rd:36: Lost braces; missing escapes or markup? 36 | privacy. Currently the following mechanisms are supported: {'exponential'}. | ^ checkRd: (-1) pooledCovDP.Rd:36: Lost braces; missing escapes or markup? 36 | Can be one of {'bounded', 'unbounded', 'both'}. If 'bounded' (default), | ^ checkRd: (-1) pooledCovDP.Rd:46-47: Lost braces 46 | privacy. Currently the following mechanisms are supported: {'Laplace', | ^ checkRd: (-1) pooledVarDP.Rd:31: Lost braces; missing escapes or markup? 31 | Can be one of {'bounded', 'unbounded', 'both'}. If 'bounded' (default), | ^ checkRd: (-1) pooledVarDP.Rd:41-42: Lost braces 41 | privacy. Currently the following mechanisms are supported: {'Laplace', | ^ checkRd: (-1) quantileDP.Rd:30: Lost braces; missing escapes or markup? 30 | Can be one of {'bounded', 'unbounded', 'both'}. If 'bounded' (default), | ^ checkRd: (-1) quantileDP.Rd:39: Lost braces; missing escapes or markup? 39 | privacy. Currently the following mechanisms are supported: {'exponential'}. | ^ checkRd: (-1) sdDP.Rd:30: Lost braces; missing escapes or markup? 30 | Can be one of {'bounded', 'unbounded', 'both'}. If 'bounded' (default), | ^ checkRd: (-1) sdDP.Rd:40-41: Lost braces 40 | privacy. Currently the following mechanisms are supported: {'Laplace', | ^ checkRd: (-1) svmDP.Rd:163: Lost braces; missing escapes or markup? 163 | {'linear', 'Gaussian'}. If 'linear' (default), linear SVM is used. If | ^ checkRd: (-1) tableDP.Rd:23: Lost braces; missing escapes or markup? 23 | Can be one of {'bounded', 'unbounded', 'both'}. If 'bounded' (default), | ^ checkRd: (-1) tableDP.Rd:33-34: Lost braces 33 | privacy. Currently the following mechanisms are supported: {'Laplace', | ^ checkRd: (-1) varDP.Rd:30: Lost braces; missing escapes or markup? 30 | Can be one of {'bounded', 'unbounded', 'both'}. If 'bounded' (default), | ^ checkRd: (-1) varDP.Rd:40-41: Lost braces 40 | privacy. Currently the following mechanisms are supported: {'Laplace', | ^ Flavors: r-devel-linux-x86_64-debian-clang, r-devel-linux-x86_64-debian-gcc, r-devel-linux-x86_64-fedora-clang, r-devel-linux-x86_64-fedora-gcc, r-devel-windows-x86_64, r-patched-linux-x86_64, r-release-linux-x86_64, r-release-macos-arm64, r-release-windows-x86_64

Version: 0.1.0
Check: dependencies in R code
Result: NOTE Namespaces in Imports field not imported from: ‘R6’ ‘dplyr’ ‘ggplot2’ ‘nloptr’ All declared Imports should be used. Flavors: r-devel-linux-x86_64-fedora-clang, r-devel-linux-x86_64-fedora-gcc