CRAN Package Check Results for Package DOT

Last updated on 2024-02-24 18:54:48 CET.

Flavor Version Tinstall Tcheck Ttotal Status Flags
r-devel-linux-x86_64-debian-clang 0.1 2.99 32.40 35.39 NOTE
r-devel-linux-x86_64-debian-gcc 0.1 2.62 25.31 27.93 NOTE
r-devel-linux-x86_64-fedora-clang 0.1 47.80 NOTE
r-devel-linux-x86_64-fedora-gcc 0.1 43.15 NOTE
r-devel-windows-x86_64 0.1 4.00 50.00 54.00 OK
r-patched-linux-x86_64 0.1 3.07 31.78 34.85 NOTE
r-release-linux-x86_64 0.1 2.88 31.51 34.39 NOTE
r-release-macos-arm64 0.1 19.00 OK
r-release-macos-x86_64 0.1 27.00 OK
r-release-windows-x86_64 0.1 5.00 50.00 55.00 OK
r-oldrel-macos-arm64 0.1 19.00 OK
r-oldrel-windows-x86_64 0.1 6.00 58.00 64.00 OK

Check Details

Version: 0.1
Check: for non-standard things in the check directory
Result: NOTE Found the following files/directories: ‘myfile.ps’ ‘myfile.svg’ Flavors: r-devel-linux-x86_64-debian-clang, r-devel-linux-x86_64-debian-gcc, r-devel-linux-x86_64-fedora-clang, r-devel-linux-x86_64-fedora-gcc, r-patched-linux-x86_64, r-release-linux-x86_64