Last updated on 2023-01-31 19:07:20 CET.
Flavor | Version | Tinstall | Tcheck | Ttotal | Status | Flags |
---|---|---|---|---|---|---|
r-devel-linux-x86_64-debian-clang | 1.0.0 | 5.60 | 78.13 | 83.73 | OK | |
r-devel-linux-x86_64-debian-gcc | 1.0.0 | 7.17 | 59.35 | 66.52 | OK | |
r-devel-linux-x86_64-fedora-clang | 1.0.0 | 107.96 | NOTE | |||
r-devel-linux-x86_64-fedora-gcc | 1.0.0 | 105.43 | NOTE | |||
r-devel-windows-x86_64 | 1.0.0 | 16.00 | 102.00 | 118.00 | OK | |
r-patched-linux-x86_64 | 1.0.0 | 8.18 | 76.45 | 84.63 | OK | |
r-release-linux-x86_64 | 1.0.0 | 9.20 | 74.72 | 83.92 | OK | |
r-release-macos-arm64 | 1.0.0 | 32.00 | NOTE | |||
r-release-macos-x86_64 | 1.0.0 | 47.00 | NOTE | |||
r-release-windows-x86_64 | 1.0.0 | 14.00 | 108.00 | 122.00 | OK | |
r-oldrel-macos-arm64 | 1.0.0 | 30.00 | NOTE | |||
r-oldrel-macos-x86_64 | 1.0.0 | 45.00 | NOTE | |||
r-oldrel-windows-ix86+x86_64 | 1.0.0 | 18.00 | 106.00 | 124.00 | OK |
Version: 1.0.0
Check: dependencies in R code
Result: NOTE
Namespace in Imports field not imported from: ‘MASS’
All declared Imports should be used.
Flavors: r-devel-linux-x86_64-fedora-clang, r-devel-linux-x86_64-fedora-gcc, r-release-macos-arm64, r-release-macos-x86_64, r-oldrel-macos-arm64, r-oldrel-macos-x86_64