CRAN Package Check Results for Package DIDmultiplegt

Last updated on 2021-10-18 13:53:53 CEST.

Flavor Version Tinstall Tcheck Ttotal Status Flags
r-devel-linux-x86_64-debian-clang 0.1.0 6.14 137.36 143.50 NOTE
r-devel-linux-x86_64-debian-gcc 0.1.0 4.72 98.42 103.14 NOTE
r-devel-linux-x86_64-fedora-clang 0.1.0 173.65 NOTE
r-devel-linux-x86_64-fedora-gcc 0.1.0 160.25 NOTE
r-devel-windows-x86_64 0.1.0 10.00 164.00 174.00 NOTE
r-devel-windows-x86_64-gcc10-UCRT 0.1.0 NOTE
r-patched-linux-x86_64 0.1.0 5.99 129.73 135.72 NOTE
r-patched-solaris-x86 0.1.0 210.50 NOTE
r-release-linux-x86_64 0.1.0 6.19 128.77 134.96 NOTE
r-release-macos-arm64 0.1.0 NOTE
r-release-macos-x86_64 0.1.0 NOTE
r-release-windows-ix86+x86_64 0.1.0 15.00 165.00 180.00 NOTE
r-oldrel-macos-x86_64 0.1.0 OK
r-oldrel-windows-ix86+x86_64 0.1.0 16.00 171.00 187.00 OK

Check Details

Version: 0.1.0
Check: LazyData
Result: NOTE
     'LazyData' is specified without a 'data' directory
Flavors: r-devel-linux-x86_64-debian-clang, r-devel-linux-x86_64-debian-gcc, r-devel-linux-x86_64-fedora-clang, r-devel-linux-x86_64-fedora-gcc, r-devel-windows-x86_64, r-devel-windows-x86_64-gcc10-UCRT, r-patched-linux-x86_64, r-patched-solaris-x86, r-release-linux-x86_64, r-release-macos-arm64, r-release-macos-x86_64, r-release-windows-ix86+x86_64