CRAN Package Check Results for Package DHARMa

Last updated on 2022-07-02 12:53:01 CEST.

Flavor Version Tinstall Tcheck Ttotal Status Flags
r-devel-linux-x86_64-debian-clang 0.4.5 14.05 331.59 345.64 OK
r-devel-linux-x86_64-debian-gcc 0.4.5 8.61 237.67 246.28 OK
r-devel-linux-x86_64-fedora-clang 0.4.5 405.61 NOTE
r-devel-linux-x86_64-fedora-gcc 0.4.5 404.07 OK
r-devel-windows-x86_64 0.4.5 18.00 404.00 422.00 NOTE
r-patched-linux-x86_64 0.4.5 11.42 310.95 322.37 OK
r-release-linux-x86_64 0.4.5 9.55 312.60 322.15 OK
r-release-macos-arm64 0.4.5 135.00 NOTE
r-release-macos-x86_64 0.4.5 212.00 NOTE
r-release-windows-x86_64 0.4.5 36.00 400.00 436.00 NOTE
r-oldrel-macos-arm64 0.4.5 136.00 NOTE
r-oldrel-macos-x86_64 0.4.5 161.00 NOTE
r-oldrel-windows-ix86+x86_64 0.4.5 27.00 341.00 368.00 NOTE

Check Details

Version: 0.4.5
Check: installed package size
Result: NOTE
     installed size is 5.5Mb
     sub-directories of 1Mb or more:
     doc 5.1Mb
Flavors: r-devel-linux-x86_64-fedora-clang, r-devel-windows-x86_64, r-release-macos-arm64, r-release-macos-x86_64, r-release-windows-x86_64, r-oldrel-macos-arm64, r-oldrel-macos-x86_64, r-oldrel-windows-ix86+x86_64

Version: 0.4.5
Check: package dependencies
Result: NOTE
    Package which this enhances but not available for checking: ‘rjags’
Flavor: r-release-macos-x86_64