CRAN Package Check Results for Package DGCA

Last updated on 2024-02-21 21:49:37 CET.

Flavor Version Tinstall Tcheck Ttotal Status Flags
r-devel-linux-x86_64-debian-clang 1.0.3 OK
r-devel-linux-x86_64-debian-gcc 1.0.3 27.14 228.45 255.59 OK
r-devel-linux-x86_64-fedora-clang 1.0.3 423.82 OK
r-devel-linux-x86_64-fedora-gcc 1.0.3 416.11 OK
r-devel-windows-x86_64 1.0.3 28.00 224.00 252.00 NOTE
r-patched-linux-x86_64 1.0.3 27.30 302.77 330.07 OK
r-release-linux-x86_64 1.0.3 22.92 303.96 326.88 OK
r-release-macos-arm64 1.0.3 121.00 NOTE
r-release-macos-x86_64 1.0.3 214.00 NOTE
r-release-windows-x86_64 1.0.3 36.00 291.00 327.00 NOTE
r-oldrel-macos-arm64 1.0.3 82.00 OK
r-oldrel-windows-x86_64 1.0.3 36.00 283.00 319.00 NOTE

Check Details

Version: 1.0.3
Check: package dependencies
Result: NOTE Package suggested but not available for checking: 'doMC' Flavors: r-devel-windows-x86_64, r-release-windows-x86_64, r-oldrel-windows-x86_64

Version: 1.0.3
Check: package dependencies
Result: NOTE Packages suggested but not available for checking: 'GOstats', 'MEGENA' Flavor: r-release-macos-arm64

Version: 1.0.3
Check: package dependencies
Result: NOTE Package suggested but not available for checking: ‘GOstats’ Flavor: r-release-macos-x86_64