CRAN Package Check Results for Package DEPONS2R

Last updated on 2021-06-15 01:50:21 CEST.

Flavor Version Tinstall Tcheck Ttotal Status Flags
r-devel-linux-x86_64-debian-clang 1.0.3 21.79 111.21 133.00 OK
r-devel-linux-x86_64-debian-gcc 1.0.3 19.78 85.85 105.63 OK
r-devel-linux-x86_64-fedora-clang 1.0.3 176.73 NOTE
r-devel-linux-x86_64-fedora-gcc 1.0.3 164.01 NOTE
r-devel-windows-x86_64 1.0.3 31.00 132.00 163.00 OK
r-devel-windows-x86_64-gcc10-UCRT 1.0.3 NOTE
r-patched-linux-x86_64 1.0.3 25.48 109.14 134.62 OK
r-patched-solaris-x86 1.0.3 239.00 NOTE
r-release-linux-x86_64 1.0.3 20.61 106.54 127.15 OK
r-release-macos-arm64 1.0.3 NOTE
r-release-macos-x86_64 1.0.3 NOTE
r-release-windows-ix86+x86_64 1.0.3 39.00 127.00 166.00 OK
r-oldrel-macos-x86_64 1.0.3 NOTE
r-oldrel-windows-ix86+x86_64 1.0.3 29.00 134.00 163.00 OK

Check Details

Version: 1.0.3
Check: dependencies in R code
Result: NOTE
    Namespace in Imports field not imported from: ‘grDevices’
     All declared Imports should be used.
Flavors: r-devel-linux-x86_64-fedora-clang, r-devel-linux-x86_64-fedora-gcc, r-devel-windows-x86_64-gcc10-UCRT, r-patched-solaris-x86, r-release-macos-arm64, r-release-macos-x86_64, r-oldrel-macos-x86_64