CRAN Package Check Results for Package DDPNA

Last updated on 2024-02-25 18:51:21 CET.

Flavor Version Tinstall Tcheck Ttotal Status Flags
r-devel-linux-x86_64-debian-clang 0.3.1 20.75 192.71 213.46 NOTE
r-devel-linux-x86_64-debian-gcc 0.3.1 16.90 146.67 163.57 NOTE
r-devel-linux-x86_64-fedora-clang 0.3.1 264.95 NOTE
r-devel-linux-x86_64-fedora-gcc 0.3.1 257.00 NOTE
r-devel-windows-x86_64 0.3.1 19.00 152.00 171.00 NOTE
r-patched-linux-x86_64 0.3.1 16.67 190.75 207.42 OK
r-release-linux-x86_64 0.3.1 14.50 192.21 206.71 OK
r-release-macos-arm64 0.3.1 77.00 OK
r-release-macos-x86_64 0.3.1 120.00 NOTE
r-release-windows-x86_64 0.3.1 27.00 196.00 223.00 OK
r-oldrel-macos-arm64 0.3.1 72.00 OK
r-oldrel-windows-x86_64 0.3.1 27.00 206.00 233.00 OK

Check Details

Version: 0.3.1
Check: Rd contents
Result: NOTE Auto-generated content requiring editing in Rd file 'DDPNA-package.Rd': \details: ‘...o use the package, including the most important functions ~~’ Argument items with no description in Rd file 'DEP_Mod_net_plot.Rd': ‘\dots’ Flavors: r-devel-linux-x86_64-debian-clang, r-devel-linux-x86_64-debian-gcc, r-devel-linux-x86_64-fedora-clang, r-devel-linux-x86_64-fedora-gcc, r-devel-windows-x86_64

Version: 0.3.1
Check: package dependencies
Result: NOTE Packages suggested but not available for checking: 'WGCNA', 'impute' Flavor: r-release-macos-x86_64