CRAN Package Check Results for Package DDHFm

Last updated on 2022-01-18 01:51:56 CET.

Flavor Version Tinstall Tcheck Ttotal Status Flags
r-devel-linux-x86_64-debian-clang 1.1.2 4.13 61.42 65.55 OK
r-devel-linux-x86_64-debian-gcc 1.1.2 3.12 45.99 49.11 OK
r-devel-linux-x86_64-fedora-clang 1.1.2 82.10 NOTE
r-devel-linux-x86_64-fedora-gcc 1.1.2 70.29 NOTE
r-devel-windows-x86_64-new-UL 1.1.2 26.00 87.00 113.00 OK
r-devel-windows-x86_64-new-TK 1.1.2 OK
r-patched-linux-x86_64 1.1.2 3.04 58.61 61.65 OK
r-release-linux-x86_64 1.1.2 OK
r-release-macos-arm64 1.1.2 OK
r-release-macos-x86_64 1.1.2 OK
r-release-windows-ix86+x86_64 1.1.2 9.00 79.00 88.00 OK
r-oldrel-macos-x86_64 1.1.2 OK
r-oldrel-windows-ix86+x86_64 1.1.2 10.00 77.00 87.00 OK

Check Details

Version: 1.1.2
Check: compiled code
Result: NOTE
    File ‘DDHFm/libs/DDHFm.so’:
     Found no calls to: ‘R_registerRoutines’, ‘R_useDynamicSymbols’
    
    It is good practice to register native routines and to disable symbol
    search.
    
    See ‘Writing portable packages’ in the ‘Writing R Extensions’ manual.
Flavors: r-devel-linux-x86_64-fedora-clang, r-devel-linux-x86_64-fedora-gcc