CRAN Package Check Results for Package DBI

Last updated on 2021-06-20 07:50:05 CEST.

Flavor Version Tinstall Tcheck Ttotal Status Flags
r-devel-linux-x86_64-debian-clang 1.1.1 6.71 67.37 74.08 OK
r-devel-linux-x86_64-debian-gcc 1.1.1 4.39 52.42 56.81 OK
r-devel-linux-x86_64-fedora-clang 1.1.1 96.91 OK
r-devel-linux-x86_64-fedora-gcc 1.1.1 103.67 OK
r-devel-windows-x86_64 1.1.1 14.00 95.00 109.00 OK
r-devel-windows-x86_64-gcc10-UCRT 1.1.1 OK
r-patched-linux-x86_64 1.1.1 8.76 64.20 72.96 OK
r-patched-solaris-x86 1.1.1 118.50 OK
r-release-linux-x86_64 1.1.1 6.17 65.28 71.45 OK
r-release-macos-arm64 1.1.1 OK
r-release-macos-x86_64 1.1.1 WARN
r-release-windows-ix86+x86_64 1.1.1 17.00 99.00 116.00 OK
r-oldrel-macos-x86_64 1.1.1 OK
r-oldrel-windows-ix86+x86_64 1.1.1 12.00 149.00 161.00 OK

Check Details

Version: 1.1.1
Check: re-building of vignette outputs
Result: WARN
    Error(s) in re-building vignettes:
    --- re-building ‘DBI-1.Rmd’ using rmarkdown
    Warning in engine$weave(file, quiet = quiet, encoding = enc) :
     Pandoc (>= 1.12.3) not available. Falling back to R Markdown v1.
    Error: processing vignette 'DBI-1.Rmd' failed with diagnostics:
    there is no package called 'stringi'
    --- failed re-building ‘DBI-1.Rmd’
    
    --- re-building ‘DBI-advanced.Rmd’ using rmarkdown
    Warning in engine$weave(file, quiet = quiet, encoding = enc) :
     Pandoc (>= 1.12.3) not available. Falling back to R Markdown v1.
    Error: processing vignette 'DBI-advanced.Rmd' failed with diagnostics:
    there is no package called 'stringi'
    --- failed re-building ‘DBI-advanced.Rmd’
    
    --- re-building ‘DBI-history.Rmd’ using rmarkdown
    Warning in engine$weave(file, quiet = quiet, encoding = enc) :
     Pandoc (>= 1.12.3) not available. Falling back to R Markdown v1.
    Error: processing vignette 'DBI-history.Rmd' failed with diagnostics:
    there is no package called 'stringi'
    --- failed re-building ‘DBI-history.Rmd’
    
    --- re-building ‘DBI-proposal.Rmd’ using rmarkdown
    Warning in engine$weave(file, quiet = quiet, encoding = enc) :
     Pandoc (>= 1.12.3) not available. Falling back to R Markdown v1.
    Error: processing vignette 'DBI-proposal.Rmd' failed with diagnostics:
    there is no package called 'stringi'
    --- failed re-building ‘DBI-proposal.Rmd’
    
    --- re-building ‘DBI.Rmd’ using rmarkdown
    Warning in engine$weave(file, quiet = quiet, encoding = enc) :
     Pandoc (>= 1.12.3) not available. Falling back to R Markdown v1.
    Error: processing vignette 'DBI.Rmd' failed with diagnostics:
    there is no package called 'stringi'
    --- failed re-building ‘DBI.Rmd’
    
    --- re-building ‘backend.Rmd’ using rmarkdown
    Warning in engine$weave(file, quiet = quiet, encoding = enc) :
     Pandoc (>= 1.12.3) not available. Falling back to R Markdown v1.
    Error: processing vignette 'backend.Rmd' failed with diagnostics:
    there is no package called 'stringi'
    --- failed re-building ‘backend.Rmd’
    
    --- re-building ‘spec.Rmd’ using rmarkdown
    Warning in engine$weave(file, quiet = quiet, encoding = enc) :
     Pandoc (>= 1.12.3) not available. Falling back to R Markdown v1.
    Error: processing vignette 'spec.Rmd' failed with diagnostics:
    there is no package called 'stringi'
    --- failed re-building ‘spec.Rmd’
    
    SUMMARY: processing the following files failed:
     ‘DBI-1.Rmd’ ‘DBI-advanced.Rmd’ ‘DBI-history.Rmd’ ‘DBI-proposal.Rmd’
     ‘DBI.Rmd’ ‘backend.Rmd’ ‘spec.Rmd’
    
    Error: Vignette re-building failed.
    Execution halted
Flavor: r-release-macos-x86_64