CRAN Package Check Results for Package D3partitionR

Last updated on 2024-02-24 18:54:47 CET.

Flavor Version Tinstall Tcheck Ttotal Status Flags
r-devel-linux-x86_64-debian-clang 0.5.0 5.23 35.93 41.16 NOTE
r-devel-linux-x86_64-debian-gcc 0.5.0 3.05 26.95 30.00 NOTE
r-devel-linux-x86_64-fedora-clang 0.5.0 52.96 NOTE
r-devel-linux-x86_64-fedora-gcc 0.5.0 46.84 NOTE
r-devel-windows-x86_64 0.5.0 5.00 50.00 55.00 NOTE
r-patched-linux-x86_64 0.5.0 3.84 34.02 37.86 NOTE
r-release-linux-x86_64 0.5.0 3.63 33.63 37.26 NOTE
r-release-macos-arm64 0.5.0 21.00 NOTE
r-release-macos-x86_64 0.5.0 28.00 NOTE
r-release-windows-x86_64 0.5.0 6.00 51.00 57.00 NOTE
r-oldrel-macos-arm64 0.5.0 17.00 NOTE
r-oldrel-windows-x86_64 0.5.0 7.00 54.00 61.00 NOTE

Check Details

Version: 0.5.0
Check: LazyData
Result: NOTE 'LazyData' is specified without a 'data' directory Flavors: r-devel-linux-x86_64-debian-clang, r-devel-linux-x86_64-debian-gcc, r-devel-linux-x86_64-fedora-clang, r-devel-linux-x86_64-fedora-gcc, r-devel-windows-x86_64, r-patched-linux-x86_64, r-release-linux-x86_64, r-release-macos-arm64, r-release-macos-x86_64, r-release-windows-x86_64, r-oldrel-macos-arm64, r-oldrel-windows-x86_64

Version: 0.5.0
Check: dependencies in R code
Result: NOTE Namespace in Imports field not imported from: ‘titanic’ All declared Imports should be used. Flavors: r-devel-linux-x86_64-fedora-clang, r-devel-linux-x86_64-fedora-gcc, r-oldrel-macos-arm64