CRAN Package Check Results for Package D3partitionR

Last updated on 2022-06-26 12:54:44 CEST.

Flavor Version Tinstall Tcheck Ttotal Status Flags
r-devel-linux-x86_64-debian-clang 0.5.0 4.13 34.93 39.06 NOTE
r-devel-linux-x86_64-debian-gcc 0.5.0 3.57 26.14 29.71 NOTE
r-devel-linux-x86_64-fedora-clang 0.5.0 57.29 NOTE
r-devel-linux-x86_64-fedora-gcc 0.5.0 57.70 NOTE
r-devel-windows-x86_64 0.5.0 57.00 60.00 117.00 NOTE
r-patched-linux-x86_64 0.5.0 4.73 32.36 37.09 NOTE
r-release-linux-x86_64 0.5.0 4.31 32.77 37.08 NOTE
r-release-macos-arm64 0.5.0 17.00 NOTE
r-release-macos-x86_64 0.5.0 27.00 NOTE
r-release-windows-x86_64 0.5.0 42.00 57.00 99.00 NOTE
r-oldrel-macos-arm64 0.5.0 22.00 NOTE
r-oldrel-macos-x86_64 0.5.0 31.00 NOTE
r-oldrel-windows-ix86+x86_64 0.5.0 10.00 51.00 61.00 NOTE

Check Details

Version: 0.5.0
Check: LazyData
Result: NOTE
     'LazyData' is specified without a 'data' directory
Flavors: r-devel-linux-x86_64-debian-clang, r-devel-linux-x86_64-debian-gcc, r-devel-linux-x86_64-fedora-clang, r-devel-linux-x86_64-fedora-gcc, r-devel-windows-x86_64, r-patched-linux-x86_64, r-release-linux-x86_64, r-release-macos-arm64, r-release-macos-x86_64, r-release-windows-x86_64, r-oldrel-macos-arm64, r-oldrel-macos-x86_64, r-oldrel-windows-ix86+x86_64

Version: 0.5.0
Check: dependencies in R code
Result: NOTE
    Namespace in Imports field not imported from: ‘titanic’
     All declared Imports should be used.
Flavors: r-devel-linux-x86_64-fedora-clang, r-devel-linux-x86_64-fedora-gcc, r-release-macos-arm64, r-release-macos-x86_64, r-oldrel-macos-arm64, r-oldrel-macos-x86_64