CRAN Package Check Results for Package Cyclops

Last updated on 2021-09-16 22:55:27 CEST.

Flavor Version Tinstall Tcheck Ttotal Status Flags
r-devel-linux-x86_64-debian-clang 3.1.2 210.23 126.44 336.67 OK
r-devel-linux-x86_64-debian-gcc 3.1.2 155.41 94.40 249.81 OK
r-devel-linux-x86_64-fedora-clang 3.1.2 492.44 NOTE
r-devel-linux-x86_64-fedora-gcc 3.1.2 440.93 OK
r-devel-windows-x86_64 3.1.2 181.00 169.00 350.00 OK
r-devel-windows-x86_64-gcc10-UCRT 3.1.2 OK
r-patched-linux-x86_64 3.1.2 182.34 117.09 299.43 OK
r-patched-solaris-x86 3.1.2 436.00 NOTE
r-release-linux-x86_64 3.1.2 144.37 118.52 262.89 OK
r-release-macos-arm64 3.1.2 NOTE
r-release-macos-x86_64 3.1.2 NOTE
r-release-windows-ix86+x86_64 3.1.2 478.00 237.00 715.00 NOTE
r-oldrel-macos-x86_64 3.1.2 NOTE
r-oldrel-windows-ix86+x86_64 3.1.2 369.00 220.00 589.00 NOTE

Check Details

Version: 3.1.2
Check: installed package size
Result: NOTE
     installed size is 22.2Mb
     sub-directories of 1Mb or more:
     libs 21.3Mb
Flavors: r-devel-linux-x86_64-fedora-clang, r-patched-solaris-x86, r-release-macos-arm64, r-release-macos-x86_64, r-release-windows-ix86+x86_64, r-oldrel-macos-x86_64, r-oldrel-windows-ix86+x86_64