Last updated on 2022-06-26 00:51:34 CEST.
Flavor | Version | Tinstall | Tcheck | Ttotal | Status | Flags |
---|---|---|---|---|---|---|
r-devel-linux-x86_64-debian-clang | 3.0 | 11.93 | 98.28 | 110.21 | OK | |
r-devel-linux-x86_64-debian-gcc | 3.0 | 7.93 | 75.78 | 83.71 | OK | |
r-devel-linux-x86_64-fedora-clang | 3.0 | 144.91 | NOTE | |||
r-devel-linux-x86_64-fedora-gcc | 3.0 | 150.73 | OK | |||
r-devel-windows-x86_64 | 3.0 | 77.00 | 150.00 | 227.00 | OK | |
r-patched-linux-x86_64 | 3.0 | 11.99 | 95.31 | 107.30 | OK | |
r-release-linux-x86_64 | 3.0 | 11.53 | 93.79 | 105.32 | OK | |
r-release-macos-arm64 | 3.0 | 43.00 | OK | |||
r-release-macos-x86_64 | 3.0 | 60.00 | OK | |||
r-release-windows-x86_64 | 3.0 | 67.00 | 153.00 | 220.00 | OK | |
r-oldrel-macos-arm64 | 3.0 | 52.00 | OK | |||
r-oldrel-macos-x86_64 | 3.0 | 87.00 | OK | |||
r-oldrel-windows-ix86+x86_64 | 3.0 | 23.00 | 130.00 | 153.00 | OK |
Version: 3.0
Check: Rd cross-references
Result: NOTE
Undeclared package ‘betareg’ in Rd xrefs
Flavor: r-devel-linux-x86_64-fedora-clang