CRAN Package Check Results for Package ConsReg

Last updated on 2021-10-20 01:48:38 CEST.

Flavor Version Tinstall Tcheck Ttotal Status Flags
r-devel-linux-x86_64-debian-clang 0.1.0 4.32 51.14 55.46 OK
r-devel-linux-x86_64-debian-gcc 0.1.0 4.11 38.22 42.33 OK
r-devel-linux-x86_64-fedora-clang 0.1.0 76.51 NOTE
r-devel-linux-x86_64-fedora-gcc 0.1.0 65.91 NOTE
r-devel-windows-x86_64 0.1.0 10.00 79.00 89.00 OK
r-devel-windows-x86_64-gcc10-UCRT 0.1.0 OK
r-patched-linux-x86_64 0.1.0 5.43 47.68 53.11 OK
r-patched-solaris-x86 0.1.0 101.20 OK
r-release-linux-x86_64 0.1.0 4.70 49.29 53.99 OK
r-release-macos-arm64 0.1.0 OK
r-release-macos-x86_64 0.1.0 OK
r-release-windows-ix86+x86_64 0.1.0 17.00 100.00 117.00 OK
r-oldrel-macos-x86_64 0.1.0 OK
r-oldrel-windows-ix86+x86_64 0.1.0 14.00 113.00 127.00 OK

Check Details

Version: 0.1.0
Check: compiled code
Result: NOTE
    File ‘ConsReg/libs/ConsReg.so’:
     Found no calls to: ‘R_registerRoutines’, ‘R_useDynamicSymbols’
    
    It is good practice to register native routines and to disable symbol
    search.
    
    See ‘Writing portable packages’ in the ‘Writing R Extensions’ manual.
Flavors: r-devel-linux-x86_64-fedora-clang, r-devel-linux-x86_64-fedora-gcc