CRAN Package Check Results for Package Conigrave

Last updated on 2022-01-18 01:51:55 CET.

Flavor Version Tinstall Tcheck Ttotal Status Flags
r-devel-linux-x86_64-debian-clang 0.4.4 6.87 83.86 90.73 NOTE
r-devel-linux-x86_64-debian-gcc 0.4.4 6.56 61.18 67.74 NOTE
r-devel-linux-x86_64-fedora-clang 0.4.4 109.69 NOTE
r-devel-linux-x86_64-fedora-gcc 0.4.4 94.39 NOTE
r-devel-windows-x86_64-new-UL 0.4.4 23.00 99.00 122.00 NOTE
r-devel-windows-x86_64-new-TK 0.4.4 NOTE
r-patched-linux-x86_64 0.4.4 5.69 77.17 82.86 NOTE
r-release-linux-x86_64 0.4.4 NOTE
r-release-macos-arm64 0.4.4 NOTE
r-release-macos-x86_64 0.4.4 NOTE
r-release-windows-ix86+x86_64 0.4.4 18.00 94.00 112.00 NOTE
r-oldrel-macos-x86_64 0.4.4 OK
r-oldrel-windows-ix86+x86_64 0.4.4 19.00 94.00 113.00 OK

Check Details

Version: 0.4.4
Check: LazyData
Result: NOTE
     'LazyData' is specified without a 'data' directory
Flavors: r-devel-linux-x86_64-debian-clang, r-devel-linux-x86_64-debian-gcc, r-devel-linux-x86_64-fedora-clang, r-devel-linux-x86_64-fedora-gcc, r-devel-windows-x86_64-new-UL, r-devel-windows-x86_64-new-TK, r-patched-linux-x86_64, r-release-linux-x86_64, r-release-macos-arm64, r-release-macos-x86_64, r-release-windows-ix86+x86_64