Last updated on 2023-02-03 00:50:55 CET.
Flavor | Version | Tinstall | Tcheck | Ttotal | Status | Flags |
---|---|---|---|---|---|---|
r-devel-linux-x86_64-debian-clang | 1.0 | 4.51 | 99.03 | 103.54 | OK | |
r-devel-linux-x86_64-debian-gcc | 1.0 | 3.47 | 71.40 | 74.87 | OK | |
r-devel-linux-x86_64-fedora-clang | 1.0 | 123.34 | NOTE | |||
r-devel-linux-x86_64-fedora-gcc | 1.0 | 144.09 | NOTE | |||
r-devel-windows-x86_64 | 1.0 | 38.00 | 131.00 | 169.00 | OK | |
r-patched-linux-x86_64 | 1.0 | 4.28 | 91.22 | 95.50 | OK | |
r-release-linux-x86_64 | 1.0 | 4.42 | 92.55 | 96.97 | OK | |
r-release-macos-arm64 | 1.0 | 36.00 | NOTE | |||
r-release-macos-x86_64 | 1.0 | 53.00 | NOTE | |||
r-release-windows-x86_64 | 1.0 | 26.00 | 135.00 | 161.00 | OK | |
r-oldrel-macos-arm64 | 1.0 | 45.00 | NOTE | |||
r-oldrel-macos-x86_64 | 1.0 | 52.00 | NOTE | |||
r-oldrel-windows-ix86+x86_64 | 1.0 | 10.00 | 125.00 | 135.00 | OK |
Version: 1.0
Check: dependencies in R code
Result: NOTE
Namespace in Imports field not imported from: ‘mvtnorm’
All declared Imports should be used.
Flavors: r-devel-linux-x86_64-fedora-clang, r-devel-linux-x86_64-fedora-gcc, r-release-macos-arm64, r-release-macos-x86_64, r-oldrel-macos-arm64, r-oldrel-macos-x86_64