CRAN Package Check Results for Package CompR

Last updated on 2024-03-01 06:52:38 CET.

Flavor Version Tinstall Tcheck Ttotal Status Flags
r-devel-linux-x86_64-debian-clang 1.0 3.82 47.83 51.65 NOTE
r-devel-linux-x86_64-debian-gcc 1.0 3.58 35.19 38.77 NOTE
r-devel-linux-x86_64-fedora-clang 1.0 66.20 NOTE
r-devel-linux-x86_64-fedora-gcc 1.0 64.06 NOTE
r-devel-windows-x86_64 1.0 6.00 68.00 74.00 OK
r-patched-linux-x86_64 1.0 4.71 44.44 49.15 OK
r-release-linux-x86_64 1.0 4.12 46.15 50.27 OK
r-release-macos-arm64 1.0 25.00 OK
r-release-macos-x86_64 1.0 70.00 OK
r-release-windows-x86_64 1.0 5.00 69.00 74.00 OK
r-oldrel-macos-arm64 1.0 22.00 OK
r-oldrel-windows-x86_64 1.0 9.00 77.00 86.00 OK

Check Details

Version: 1.0
Check: Rd files
Result: NOTE checkRd: (-1) ClassifPaired.Rd:28: Lost braces; missing escapes or markup? 28 | \code{hclust}, \code{cutree} of {stats} package} | ^ checkRd: (-1) EstimBradley.Rd:52-53: Lost braces 52 | \code{lvrH0} { \code{matrix} of size (\code{Tcla} * number of criteria), giving the value of the log likelihood under the hypothesis of equality of Bradley's scores | ^ checkRd: (-1) EstimBradley.Rd:55-56: Lost braces 55 | \code{lvrH1} {\code{matrix} of size (\code{Tcla} * number of criteria), giving the value of the log likelihood under the hypothesis of non equality of Bradley's scores | ^ checkRd: (-1) EstimBradley.Rd:58-59: Lost braces 58 | \code{lRatio} {\code{matrix} of size (\code{Tcla} * number of criteria), giving the value of the log likelihood Ratio statistic | ^ checkRd: (-1) EstimBradley.Rd:61-62: Lost braces 61 | \code{Pvalue} {\code{matrix} of size (\code{Tcla} * number of criteria), giving the P value of the log likelihood Ratio test | ^ checkRd: (-1) EstimBradley.Rd:64-65: Lost braces 64 | \code{H1} {\code{matrix} of size (\code{Tcla} * number of criteria) giving the result of rejection of equality of Bradley's scores | ^ checkRd: (-1) getRestestglob.Rd:18: Lost braces 18 | \code{lvrH0} { \code{matrix} of size (\code{Tcla} * number of criteria), giving the value of the log likelihood under the hypothesis of equality of Bradley's scores} | ^ checkRd: (-1) getRestestglob.Rd:20: Lost braces 20 | \code{lvrH1} {\code{matrix} of size (\code{Tcla} * number of criteria), giving the value of the log likelihood under the hypothesis of non equality of Bradley's scores} | ^ checkRd: (-1) getRestestglob.Rd:22: Lost braces 22 | \code{lRatio} {\code{matrix} of size (\code{Tcla} * number of criteria), giving the value of the log likelihood Ratio statistic} | ^ checkRd: (-1) getRestestglob.Rd:24: Lost braces 24 | \code{Pvalue} {\code{matrix} of size (\code{Tcla} * number of criteria), giving the P value of the log likelihood Ratio test} | ^ checkRd: (-1) getRestestglob.Rd:26: Lost braces 26 | \code{H1} {\code{matrix} of size (\code{Tcla} * number of criteria) giving the result of rejection of equality of Bradley's scores} | ^ Flavors: r-devel-linux-x86_64-debian-clang, r-devel-linux-x86_64-debian-gcc, r-devel-linux-x86_64-fedora-clang, r-devel-linux-x86_64-fedora-gcc