CRAN Package Check Results for Package ClusterR

Last updated on 2021-10-22 20:48:56 CEST.

Flavor Version Tinstall Tcheck Ttotal Status Flags
r-devel-linux-x86_64-debian-clang 1.2.5 68.68 206.83 275.51 OK
r-devel-linux-x86_64-debian-gcc 1.2.5 54.85 159.77 214.62 OK
r-devel-linux-x86_64-fedora-clang 1.2.5 359.27 NOTE
r-devel-linux-x86_64-fedora-gcc 1.2.5 379.37 OK
r-devel-windows-x86_64 1.2.5 82.00 251.00 333.00 OK
r-devel-windows-x86_64-gcc10-UCRT 1.2.5 OK
r-patched-linux-x86_64 1.2.5 62.80 226.45 289.25 OK
r-patched-solaris-x86 1.2.5 226.80 OK
r-release-linux-x86_64 1.2.5 62.34 224.76 287.10 OK
r-release-macos-arm64 1.2.5 NOTE
r-release-macos-x86_64 1.2.5 NOTE
r-release-windows-ix86+x86_64 1.2.5 115.00 242.00 357.00 OK
r-oldrel-macos-x86_64 1.2.5 NOTE
r-oldrel-windows-ix86+x86_64 1.2.5 158.00 304.00 462.00 OK

Check Details

Version: 1.2.5
Check: installed package size
Result: NOTE
     installed size is 7.7Mb
     sub-directories of 1Mb or more:
     libs 6.5Mb
Flavors: r-devel-linux-x86_64-fedora-clang, r-release-macos-arm64, r-release-macos-x86_64, r-oldrel-macos-x86_64