CRAN Package Check Results for Package ClimDown

Last updated on 2021-11-26 19:52:46 CET.

Flavor Version Tinstall Tcheck Ttotal Status Flags
r-devel-linux-x86_64-debian-clang 1.0.8 9.72 302.10 311.82 OK
r-devel-linux-x86_64-debian-gcc 1.0.8 5.78 217.37 223.15 OK
r-devel-linux-x86_64-fedora-clang 1.0.8 365.33 OK
r-devel-linux-x86_64-fedora-gcc 1.0.8 358.38 OK
r-devel-windows-x86_64-new-UL 1.0.8 22.00 63.00 85.00 OK --no-examples --no-tests --no-vignettes
r-devel-windows-x86_64-new-TK 1.0.8 OK
r-devel-windows-x86_64-old 1.0.8 12.00 85.00 97.00 OK --no-examples --no-tests --no-vignettes
r-patched-linux-x86_64 1.0.8 7.87 289.49 297.36 OK
r-patched-solaris-x86 1.0.8 478.80 OK
r-release-linux-x86_64 1.0.8 OK
r-release-macos-arm64 1.0.8 ERROR
r-release-macos-x86_64 1.0.8 ERROR
r-release-windows-ix86+x86_64 1.0.8 19.00 58.00 77.00 OK --no-examples --no-tests --no-vignettes
r-oldrel-macos-x86_64 1.0.8 OK
r-oldrel-windows-ix86+x86_64 1.0.8 16.00 86.00 102.00 OK --no-examples --no-tests --no-vignettes

Check Details

Version: 1.0.8
Check: package dependencies
Result: ERROR
    Package required but not available: ‘udunits2’
    
    See section ‘The DESCRIPTION file’ in the ‘Writing R Extensions’
    manual.
Flavors: r-release-macos-arm64, r-release-macos-x86_64