CRAN Package Check Results for Package CircularDDM

Last updated on 2022-10-04 07:49:43 CEST.

Flavor Version Tinstall Tcheck Ttotal Status Flags
r-devel-linux-x86_64-debian-clang 0.1.0 26.91 29.31 56.22 NOTE
r-devel-linux-x86_64-debian-gcc 0.1.0 22.87 22.71 45.58 NOTE
r-devel-linux-x86_64-fedora-clang 0.1.0 97.07 NOTE
r-devel-linux-x86_64-fedora-gcc 0.1.0 88.73 NOTE
r-devel-windows-x86_64 0.1.0 29.00 78.00 107.00 NOTE
r-patched-linux-x86_64 0.1.0 30.48 27.16 57.64 NOTE
r-release-linux-x86_64 0.1.0 29.62 27.48 57.10 NOTE
r-release-macos-arm64 0.1.0 25.00 NOTE
r-release-macos-x86_64 0.1.0 34.00 NOTE
r-release-windows-x86_64 0.1.0 67.00 75.00 142.00 NOTE
r-oldrel-macos-arm64 0.1.0 34.00 NOTE
r-oldrel-macos-x86_64 0.1.0 47.00 NOTE
r-oldrel-windows-ix86+x86_64 0.1.0 82.00 80.00 162.00 NOTE

Check Details

Version: 0.1.0
Check: LazyData
Result: NOTE
     'LazyData' is specified without a 'data' directory
Flavors: r-devel-linux-x86_64-debian-clang, r-devel-linux-x86_64-debian-gcc, r-devel-linux-x86_64-fedora-clang, r-devel-linux-x86_64-fedora-gcc, r-devel-windows-x86_64, r-patched-linux-x86_64, r-release-linux-x86_64, r-release-macos-arm64, r-release-macos-x86_64, r-release-windows-x86_64, r-oldrel-macos-arm64, r-oldrel-macos-x86_64, r-oldrel-windows-ix86+x86_64