CRAN Package Check Results for Package CircSpaceTime

Last updated on 2023-09-26 13:08:27 CEST.

Flavor Version Tinstall Tcheck Ttotal Status Flags
r-devel-linux-x86_64-debian-clang 0.9.0 173.37 51.44 224.81 NOTE
r-devel-linux-x86_64-debian-gcc 0.9.0 116.87 39.57 156.44 NOTE
r-devel-linux-x86_64-fedora-clang 0.9.0 338.29 NOTE
r-devel-linux-x86_64-fedora-gcc 0.9.0 341.75 NOTE
r-devel-windows-x86_64 0.9.0 130.00 91.00 221.00 NOTE
r-patched-linux-x86_64 0.9.0 163.94 50.58 214.52 NOTE
r-release-linux-x86_64 0.9.0 165.13 50.99 216.12 NOTE
r-release-macos-arm64 0.9.0 81.00 NOTE
r-release-macos-x86_64 0.9.0 129.00 NOTE
r-release-windows-x86_64 0.9.0 163.00 101.00 264.00 NOTE
r-oldrel-macos-arm64 0.9.0 69.00 NOTE
r-oldrel-macos-x86_64 0.9.0 120.00 NOTE
r-oldrel-windows-x86_64 0.9.0 159.00 97.00 256.00 OK

Check Details

Version: 0.9.0
Check: C++ specification
Result: NOTE
     Specified C++11: please drop specification unless essential
Flavors: r-devel-linux-x86_64-debian-clang, r-devel-linux-x86_64-debian-gcc, r-devel-linux-x86_64-fedora-clang, r-devel-linux-x86_64-fedora-gcc, r-devel-windows-x86_64, r-patched-linux-x86_64, r-release-linux-x86_64, r-release-macos-arm64, r-release-macos-x86_64, r-release-windows-x86_64

Version: 0.9.0
Check: dependencies in R code
Result: NOTE
    Namespaces in Imports field not imported from:
     ‘RInside’ ‘circular’
     All declared Imports should be used.
Flavors: r-devel-linux-x86_64-fedora-clang, r-devel-linux-x86_64-fedora-gcc, r-oldrel-macos-arm64, r-oldrel-macos-x86_64

Version: 0.9.0
Check: installed package size
Result: NOTE
     installed size is 7.3Mb
     sub-directories of 1Mb or more:
     data 1.8Mb
     libs 5.0Mb
Flavors: r-release-macos-arm64, r-release-macos-x86_64, r-oldrel-macos-arm64, r-oldrel-macos-x86_64