Last updated on 2023-01-31 19:07:18 CET.
Flavor | Version | Tinstall | Tcheck | Ttotal | Status | Flags |
---|---|---|---|---|---|---|
r-devel-linux-x86_64-debian-clang | 1.2.1 | 3.75 | 29.44 | 33.19 | NOTE | |
r-devel-linux-x86_64-debian-gcc | 1.2.1 | 3.56 | 22.08 | 25.64 | NOTE | |
r-devel-linux-x86_64-fedora-clang | 1.2.1 | 42.47 | NOTE | |||
r-devel-linux-x86_64-fedora-gcc | 1.2.1 | 40.28 | NOTE | |||
r-devel-windows-x86_64 | 1.2.1 | 10.00 | 59.00 | 69.00 | NOTE | |
r-patched-linux-x86_64 | 1.2.1 | 4.09 | 28.01 | 32.10 | NOTE | |
r-release-linux-x86_64 | 1.2.1 | 4.33 | 28.24 | 32.57 | NOTE | |
r-release-macos-arm64 | 1.2.1 | 17.00 | NOTE | |||
r-release-macos-x86_64 | 1.2.1 | 23.00 | NOTE | |||
r-release-windows-x86_64 | 1.2.1 | 21.00 | 59.00 | 80.00 | NOTE | |
r-oldrel-macos-arm64 | 1.2.1 | 25.00 | NOTE | |||
r-oldrel-macos-x86_64 | 1.2.1 | 30.00 | NOTE | |||
r-oldrel-windows-ix86+x86_64 | 1.2.1 | 13.00 | 62.00 | 75.00 | NOTE |
Version: 1.2.1
Check: LazyData
Result: NOTE
'LazyData' is specified without a 'data' directory
Flavors: r-devel-linux-x86_64-debian-clang, r-devel-linux-x86_64-debian-gcc, r-devel-linux-x86_64-fedora-clang, r-devel-linux-x86_64-fedora-gcc, r-devel-windows-x86_64, r-patched-linux-x86_64, r-release-linux-x86_64, r-release-macos-arm64, r-release-macos-x86_64, r-release-windows-x86_64, r-oldrel-macos-arm64, r-oldrel-macos-x86_64, r-oldrel-windows-ix86+x86_64
Version: 1.2.1
Check: package dependencies
Result: NOTE
Package suggested but not available for checking: ‘pbdMPI’
Flavors: r-release-macos-arm64, r-release-macos-x86_64, r-oldrel-macos-arm64, r-oldrel-macos-x86_64