CRAN Package Check Results for Package ChannelAttribution

Last updated on 2022-09-28 00:52:38 CEST.

Flavor Version Tinstall Tcheck Ttotal Status Flags
r-devel-linux-x86_64-debian-clang 2.0.5 25.05 30.20 55.25 WARN
r-devel-linux-x86_64-debian-gcc 2.0.5 25.18 23.35 48.53 OK
r-devel-linux-x86_64-fedora-clang 2.0.5 90.50 WARN
r-devel-linux-x86_64-fedora-gcc 2.0.5 91.32 OK
r-devel-windows-x86_64 2.0.5 58.00 79.00 137.00 OK
r-patched-linux-x86_64 2.0.5 28.33 29.32 57.65 OK
r-release-linux-x86_64 2.0.5 25.93 28.67 54.60 OK
r-release-macos-arm64 2.0.5 26.00 OK
r-release-macos-x86_64 2.0.5 33.00 OK
r-release-windows-x86_64 2.0.5 71.00 79.00 150.00 OK
r-oldrel-macos-arm64 2.0.5 26.00 OK
r-oldrel-macos-x86_64 2.0.5 35.00 OK
r-oldrel-windows-ix86+x86_64 2.0.5 73.00 84.00 157.00 OK

Additional issues

clang14

Check Details

Version: 2.0.5
Check: whether package can be installed
Result: WARN
    Found the following significant warnings:
     ChannelAttribution.cpp:694:9: warning: use of bitwise '&' with boolean operands [-Wbitwise-instead-of-logical]
     ChannelAttribution.cpp:696:15: warning: use of bitwise '&' with boolean operands [-Wbitwise-instead-of-logical]
Flavors: r-devel-linux-x86_64-debian-clang, r-devel-linux-x86_64-fedora-clang