Last updated on 2023-03-31 06:49:39 CEST.
Flavor | Version | Tinstall | Tcheck | Ttotal | Status | Flags |
---|---|---|---|---|---|---|
r-devel-linux-x86_64-debian-clang | 0.2 | 46.26 | 67.74 | 114.00 | OK | |
r-devel-linux-x86_64-debian-gcc | 0.2 | 31.43 | 49.54 | 80.97 | OK | |
r-devel-linux-x86_64-fedora-clang | 0.2 | 157.27 | NOTE | |||
r-devel-linux-x86_64-fedora-gcc | 0.2 | 151.30 | NOTE | |||
r-devel-windows-x86_64 | 0.2 | 76.00 | 460.00 | 536.00 | OK | |
r-patched-linux-x86_64 | 0.2 | 38.11 | 64.06 | 102.17 | OK | |
r-release-linux-x86_64 | 0.2 | 30.74 | 66.43 | 97.17 | OK | |
r-release-macos-arm64 | 0.2 | 142.00 | NOTE | |||
r-release-macos-x86_64 | 0.2 | 224.00 | NOTE | |||
r-release-windows-x86_64 | 0.2 | 65.00 | 479.00 | 544.00 | OK | |
r-oldrel-macos-arm64 | 0.2 | 116.00 | NOTE | |||
r-oldrel-macos-x86_64 | 0.2 | 161.00 | NOTE | |||
r-oldrel-windows-ix86+x86_64 | 0.2 | 100.00 | 488.00 | 588.00 | OK |
Version: 0.2
Check: dependencies in R code
Result: NOTE
Namespaces in Imports field not imported from:
‘bench’ ‘ggplot2’
All declared Imports should be used.
Flavors: r-devel-linux-x86_64-fedora-clang, r-devel-linux-x86_64-fedora-gcc, r-release-macos-arm64, r-release-macos-x86_64, r-oldrel-macos-arm64, r-oldrel-macos-x86_64