Last updated on 2023-06-01 00:59:36 CEST.
Flavor | Version | Tinstall | Tcheck | Ttotal | Status | Flags |
---|---|---|---|---|---|---|
r-devel-linux-x86_64-debian-clang | 1.1.9 | 2.63 | 27.54 | 30.17 | NOTE | |
r-devel-linux-x86_64-debian-gcc | 1.1.9 | 1.96 | 21.86 | 23.82 | NOTE | |
r-devel-linux-x86_64-fedora-clang | 1.1.9 | 39.56 | NOTE | |||
r-devel-linux-x86_64-fedora-gcc | 1.1.9 | 39.14 | NOTE | |||
r-devel-windows-x86_64 | 1.1.9 | 3.00 | 45.00 | 48.00 | NOTE | |
r-patched-linux-x86_64 | 1.1.9 | NOTE | ||||
r-release-linux-x86_64 | 1.1.9 | 2.80 | 26.84 | 29.64 | NOTE | |
r-release-macos-arm64 | 1.1.9 | 19.00 | NOTE | |||
r-release-macos-x86_64 | 1.1.9 | 22.00 | NOTE | |||
r-release-windows-x86_64 | 1.1.9 | 4.00 | 46.00 | 50.00 | NOTE | |
r-oldrel-macos-arm64 | 1.1.9 | 18.00 | NOTE | |||
r-oldrel-macos-x86_64 | 1.1.9 | 23.00 | NOTE | |||
r-oldrel-windows-x86_64 | 1.1.9 | 5.00 | 48.00 | 53.00 | NOTE |
Version: 1.1.9
Check: package dependencies
Result: NOTE
Package suggested but not available for checking: ‘alr3’
Flavors: r-devel-linux-x86_64-debian-clang, r-devel-linux-x86_64-debian-gcc, r-devel-linux-x86_64-fedora-clang, r-devel-linux-x86_64-fedora-gcc, r-devel-windows-x86_64, r-patched-linux-x86_64, r-release-linux-x86_64, r-release-macos-arm64, r-release-windows-x86_64, r-oldrel-macos-arm64, r-oldrel-macos-x86_64, r-oldrel-windows-x86_64
Version: 1.1.9
Check: package dependencies
Result: NOTE
Packages suggested but not available for checking: 'robust', 'alr3'
Flavor: r-release-macos-x86_64