CRAN Package Check Results for Package CepLDA

Last updated on 2021-12-07 20:52:34 CET.

Flavor Version Tinstall Tcheck Ttotal Status Flags
r-devel-linux-x86_64-debian-clang 1.0.0 2.28 34.69 36.97 NOTE
r-devel-linux-x86_64-debian-gcc 1.0.0 2.02 33.49 35.51 NOTE
r-devel-linux-x86_64-fedora-clang 1.0.0 60.38 NOTE
r-devel-linux-x86_64-fedora-gcc 1.0.0 45.59 NOTE
r-devel-windows-x86_64-new-UL 1.0.0 7.00 70.00 77.00 NOTE
r-devel-windows-x86_64-new-TK 1.0.0 NOTE
r-devel-windows-x86_64-old 1.0.0 5.00 57.00 62.00 NOTE
r-patched-linux-x86_64 1.0.0 2.63 41.87 44.50 NOTE
r-release-linux-x86_64 1.0.0 2.53 41.92 44.45 NOTE
r-release-macos-arm64 1.0.0 NOTE
r-release-macos-x86_64 1.0.0 NOTE
r-release-windows-ix86+x86_64 1.0.0 5.00 55.00 60.00 NOTE
r-oldrel-macos-x86_64 1.0.0 OK
r-oldrel-windows-ix86+x86_64 1.0.0 8.00 55.00 63.00 OK

Check Details

Version: 1.0.0
Check: LazyData
Result: NOTE
     'LazyData' is specified without a 'data' directory
Flavors: r-devel-linux-x86_64-debian-clang, r-devel-linux-x86_64-debian-gcc, r-devel-linux-x86_64-fedora-clang, r-devel-linux-x86_64-fedora-gcc, r-devel-windows-x86_64-new-UL, r-devel-windows-x86_64-new-TK, r-devel-windows-x86_64-old, r-patched-linux-x86_64, r-release-linux-x86_64, r-release-macos-arm64, r-release-macos-x86_64, r-release-windows-ix86+x86_64