CRAN Package Check Results for Package Census2016

Last updated on 2022-06-26 00:51:33 CEST.

Flavor Version Tinstall Tcheck Ttotal Status Flags
r-devel-linux-x86_64-debian-clang 0.2.0 9.70 48.37 58.07 OK
r-devel-linux-x86_64-debian-gcc 0.2.0 7.95 37.61 45.56 OK
r-devel-linux-x86_64-fedora-clang 0.2.0 81.78 NOTE
r-devel-linux-x86_64-fedora-gcc 0.2.0 79.49 NOTE
r-devel-windows-x86_64 0.2.0 27.00 91.00 118.00 OK
r-patched-linux-x86_64 0.2.0 9.63 47.42 57.05 OK
r-release-linux-x86_64 0.2.0 10.00 46.77 56.77 OK
r-release-macos-arm64 0.2.0 30.00 NOTE
r-release-macos-x86_64 0.2.0 36.00 NOTE
r-release-windows-x86_64 0.2.0 36.00 86.00 122.00 OK
r-oldrel-macos-arm64 0.2.0 31.00 NOTE
r-oldrel-macos-x86_64 0.2.0 48.00 NOTE
r-oldrel-windows-ix86+x86_64 0.2.0 17.00 103.00 120.00 OK

Check Details

Version: 0.2.0
Check: dependencies in R code
Result: NOTE
    Namespace in Imports field not imported from: ‘data.table’
     All declared Imports should be used.
Flavors: r-devel-linux-x86_64-fedora-clang, r-devel-linux-x86_64-fedora-gcc, r-release-macos-arm64, r-release-macos-x86_64, r-oldrel-macos-arm64, r-oldrel-macos-x86_64