CRAN Package Check Results for Package CTTinShiny

Last updated on 2021-06-21 07:48:40 CEST.

Flavor Version Tinstall Tcheck Ttotal Status Flags
r-devel-linux-x86_64-debian-clang 0.1.0 3.94 33.30 37.24 NOTE
r-devel-linux-x86_64-debian-gcc 0.1.0 3.01 26.60 29.61 NOTE
r-devel-linux-x86_64-fedora-clang 0.1.0 53.64 NOTE
r-devel-linux-x86_64-fedora-gcc 0.1.0 44.50 NOTE
r-devel-windows-x86_64 0.1.0 6.00 52.00 58.00 NOTE
r-devel-windows-x86_64-gcc10-UCRT 0.1.0 NOTE
r-patched-linux-x86_64 0.1.0 3.42 32.64 36.06 NOTE
r-patched-solaris-x86 0.1.0 67.80 NOTE
r-release-linux-x86_64 0.1.0 3.66 32.56 36.22 NOTE
r-release-macos-arm64 0.1.0 NOTE
r-release-macos-x86_64 0.1.0 NOTE
r-release-windows-ix86+x86_64 0.1.0 11.00 58.00 69.00 NOTE
r-oldrel-macos-x86_64 0.1.0 OK

Check Details

Version: 0.1.0
Check: LazyData
Result: NOTE
     'LazyData' is specified without a 'data' directory
Flavors: r-devel-linux-x86_64-debian-clang, r-devel-linux-x86_64-debian-gcc, r-devel-linux-x86_64-fedora-clang, r-devel-linux-x86_64-fedora-gcc, r-devel-windows-x86_64, r-devel-windows-x86_64-gcc10-UCRT, r-patched-linux-x86_64, r-patched-solaris-x86, r-release-linux-x86_64, r-release-macos-arm64, r-release-macos-x86_64, r-release-windows-ix86+x86_64