CRAN Package Check Results for Package CSUV

Last updated on 2021-06-20 13:48:51 CEST.

Flavor Version Tinstall Tcheck Ttotal Status Flags
r-devel-linux-x86_64-debian-clang 0.1.1 4.90 39.49 44.39 NOTE
r-devel-linux-x86_64-debian-gcc 0.1.1 3.74 30.87 34.61 NOTE
r-devel-linux-x86_64-fedora-clang 0.1.1 61.10 NOTE
r-devel-linux-x86_64-fedora-gcc 0.1.1 50.80 NOTE
r-devel-windows-x86_64 0.1.1 8.00 60.00 68.00 NOTE
r-devel-windows-x86_64-gcc10-UCRT 0.1.1 NOTE
r-patched-linux-x86_64 0.1.1 4.97 37.81 42.78 NOTE
r-patched-solaris-x86 0.1.1 74.40 NOTE
r-release-linux-x86_64 0.1.1 4.97 38.38 43.35 NOTE
r-release-macos-arm64 0.1.1 NOTE
r-release-macos-x86_64 0.1.1 NOTE
r-release-windows-ix86+x86_64 0.1.1 11.00 57.00 68.00 NOTE
r-oldrel-macos-x86_64 0.1.1 OK
r-oldrel-windows-ix86+x86_64 0.1.1 7.00 49.00 56.00 OK

Check Details

Version: 0.1.1
Check: LazyData
Result: NOTE
     'LazyData' is specified without a 'data' directory
Flavors: r-devel-linux-x86_64-debian-clang, r-devel-linux-x86_64-debian-gcc, r-devel-linux-x86_64-fedora-clang, r-devel-linux-x86_64-fedora-gcc, r-devel-windows-x86_64, r-devel-windows-x86_64-gcc10-UCRT, r-patched-linux-x86_64, r-patched-solaris-x86, r-release-linux-x86_64, r-release-macos-arm64, r-release-macos-x86_64, r-release-windows-ix86+x86_64