CRAN Package Check Results for Package CSGo

Last updated on 2021-07-26 01:50:08 CEST.

Flavor Version Tinstall Tcheck Ttotal Status Flags
r-devel-linux-x86_64-debian-clang 0.6.7 0.40 2.78 3.18 ERROR
r-devel-linux-x86_64-debian-gcc 0.6.7 0.44 2.19 2.63 ERROR
r-devel-linux-x86_64-fedora-clang 0.6.7 12.35 ERROR
r-devel-linux-x86_64-fedora-gcc 0.6.7 2.92 ERROR
r-devel-windows-x86_64 0.6.7 5.00 47.00 52.00 OK
r-devel-windows-x86_64-gcc10-UCRT 0.6.7 NOTE
r-patched-linux-x86_64 0.6.7 2.50 27.70 30.20 OK
r-patched-solaris-x86 0.6.7 55.90 NOTE
r-release-linux-x86_64 0.6.7 2.26 27.81 30.07 OK
r-release-macos-arm64 0.6.7 NOTE
r-release-macos-x86_64 0.6.7 NOTE
r-release-windows-ix86+x86_64 0.6.7 6.00 32.00 38.00 OK
r-oldrel-macos-x86_64 0.6.7 NOTE
r-oldrel-windows-ix86+x86_64 0.6.7 5.00 47.00 52.00 OK

Check Details

Version: 0.6.7
Check: package dependencies
Result: ERROR
    Package required but not available: 'fuzzyjoin'
    
    See section 'The DESCRIPTION file' in the 'Writing R Extensions'
    manual.
Flavors: r-devel-linux-x86_64-debian-clang, r-devel-linux-x86_64-debian-gcc, r-devel-linux-x86_64-fedora-clang, r-devel-linux-x86_64-fedora-gcc

Version: 0.6.7
Check: dependencies in R code
Result: NOTE
    Namespaces in Imports field not imported from:
     'extrafont' 'future'
     All declared Imports should be used.
Flavors: r-devel-windows-x86_64-gcc10-UCRT, r-patched-solaris-x86, r-release-macos-arm64, r-release-macos-x86_64, r-oldrel-macos-x86_64