Last updated on 2023-03-31 12:54:08 CEST.
Flavor | Version | Tinstall | Tcheck | Ttotal | Status | Flags |
---|---|---|---|---|---|---|
r-devel-linux-x86_64-debian-clang | 1.1.1 | 151.57 | 37.30 | 188.87 | OK | |
r-devel-linux-x86_64-debian-gcc | 1.1.1 | 109.08 | 29.07 | 138.15 | OK | |
r-devel-linux-x86_64-fedora-clang | 1.1.1 | 286.22 | OK | |||
r-devel-linux-x86_64-fedora-gcc | 1.1.1 | 260.85 | OK | |||
r-devel-windows-x86_64 | 1.1.1 | 125.00 | 0.00 | 125.00 | NOTE | |
r-patched-linux-x86_64 | 1.1.1 | 124.90 | 36.90 | 161.80 | OK | |
r-release-linux-x86_64 | 1.1.1 | 114.49 | 36.48 | 150.97 | OK | |
r-release-macos-arm64 | 1.1.1 | 62.00 | NOTE | |||
r-release-macos-x86_64 | 1.1.1 | 90.00 | NOTE | |||
r-release-windows-x86_64 | 1.1.1 | 109.00 | 107.00 | 216.00 | OK | |
r-oldrel-macos-arm64 | 1.1.1 | 61.00 | NOTE | |||
r-oldrel-macos-x86_64 | 1.1.1 | 96.00 | NOTE | |||
r-oldrel-windows-ix86+x86_64 | 1.1.1 | 341.00 | 88.00 | 429.00 | OK |
Version: 1.1.1
Check: C++ specification
Result: NOTE
Specified C++11: please drop specification unless essential
Flavor: r-devel-windows-x86_64
Version: 1.1.1
Check: installed package size
Result: NOTE
installed size is 5.6Mb
sub-directories of 1Mb or more:
libs 5.5Mb
Flavors: r-release-macos-arm64, r-release-macos-x86_64, r-oldrel-macos-arm64, r-oldrel-macos-x86_64