CRAN Package Check Results for Package CPAT

Last updated on 2021-10-24 13:55:32 CEST.

Flavor Version Tinstall Tcheck Ttotal Status Flags
r-devel-linux-x86_64-debian-clang 0.1.0 37.52 88.85 126.37 OK
r-devel-linux-x86_64-debian-gcc 0.1.0 26.95 54.79 81.74 OK
r-devel-linux-x86_64-fedora-clang 0.1.0 175.54 NOTE
r-devel-linux-x86_64-fedora-gcc 0.1.0 139.42 NOTE
r-devel-windows-x86_64 0.1.0 50.00 131.00 181.00 OK
r-devel-windows-x86_64-gcc10-UCRT 0.1.0 NOTE
r-patched-linux-x86_64 0.1.0 31.72 72.61 104.33 OK
r-patched-solaris-x86 0.1.0 194.60 NOTE
r-release-linux-x86_64 0.1.0 32.66 71.72 104.38 OK
r-release-macos-arm64 0.1.0 NOTE
r-release-macos-x86_64 0.1.0 NOTE
r-release-windows-ix86+x86_64 0.1.0 72.00 169.00 241.00 OK
r-oldrel-macos-x86_64 0.1.0 NOTE
r-oldrel-windows-ix86+x86_64 0.1.0 96.00 203.00 299.00 OK

Check Details

Version: 0.1.0
Check: dependencies in R code
Result: NOTE
    Namespaces in Imports field not imported from:
     ‘Rdpack’ ‘grDevices’
     All declared Imports should be used.
Flavors: r-devel-linux-x86_64-fedora-clang, r-devel-linux-x86_64-fedora-gcc, r-devel-windows-x86_64-gcc10-UCRT, r-patched-solaris-x86, r-release-macos-arm64, r-release-macos-x86_64, r-oldrel-macos-x86_64