CRAN Package Check Results for Package COUSCOus

Last updated on 2022-09-30 12:55:05 CEST.

Flavor Version Tinstall Tcheck Ttotal Status Flags
r-devel-linux-x86_64-debian-clang 1.0.0 4.61 34.79 39.40 OK
r-devel-linux-x86_64-debian-gcc 1.0.0 3.20 27.36 30.56 OK
r-devel-linux-x86_64-fedora-clang 1.0.0 63.41 NOTE
r-devel-linux-x86_64-fedora-gcc 1.0.0 59.09 NOTE
r-devel-windows-x86_64 1.0.0 18.00 62.00 80.00 OK
r-patched-linux-x86_64 1.0.0 4.46 34.80 39.26 OK
r-release-linux-x86_64 1.0.0 3.94 33.88 37.82 OK
r-release-macos-arm64 1.0.0 20.00 OK
r-release-macos-x86_64 1.0.0 30.00 OK
r-release-windows-x86_64 1.0.0 14.00 63.00 77.00 OK
r-oldrel-macos-arm64 1.0.0 27.00 OK
r-oldrel-macos-x86_64 1.0.0 37.00 OK
r-oldrel-windows-ix86+x86_64 1.0.0 16.00 73.00 89.00 OK

Check Details

Version: 1.0.0
Check: compiled code
Result: NOTE
    File ‘COUSCOus/libs/COUSCOus.so’:
     Found no calls to: ‘R_registerRoutines’, ‘R_useDynamicSymbols’
    
    It is good practice to register native routines and to disable symbol
    search.
    
    See ‘Writing portable packages’ in the ‘Writing R Extensions’ manual.
Flavors: r-devel-linux-x86_64-fedora-clang, r-devel-linux-x86_64-fedora-gcc