CRAN Package Check Results for Package CNVRG

Last updated on 2023-03-23 06:52:17 CET.

Flavor Version Tinstall Tcheck Ttotal Status Flags
r-devel-linux-x86_64-debian-clang 1.0.0 130.54 142.60 273.14 NOTE
r-devel-linux-x86_64-debian-gcc 1.0.0 117.99 111.72 229.71 NOTE
r-devel-linux-x86_64-fedora-clang 1.0.0 370.83 NOTE
r-devel-linux-x86_64-fedora-gcc 1.0.0 384.57 NOTE
r-devel-windows-x86_64 1.0.0 135.00 203.00 338.00 NOTE
r-patched-linux-x86_64 1.0.0 115.31 136.52 251.83 NOTE
r-release-linux-x86_64 1.0.0 98.01 139.88 237.89 NOTE
r-release-macos-arm64 1.0.0 98.00 NOTE
r-release-macos-x86_64 1.0.0 204.00 NOTE
r-release-windows-x86_64 1.0.0 599.00 195.00 794.00 NOTE
r-oldrel-macos-arm64 1.0.0 141.00 NOTE
r-oldrel-macos-x86_64 1.0.0 124.00 NOTE
r-oldrel-windows-ix86+x86_64 1.0.0 188.00 18.00 206.00 ERROR

Check Details

Version: 1.0.0
Check: for GNU extensions in Makefiles
Result: NOTE
    GNU make is a SystemRequirements.
Flavors: r-devel-linux-x86_64-debian-clang, r-devel-linux-x86_64-debian-gcc, r-devel-linux-x86_64-fedora-clang, r-devel-linux-x86_64-fedora-gcc, r-devel-windows-x86_64, r-patched-linux-x86_64, r-release-linux-x86_64, r-release-macos-arm64, r-release-macos-x86_64, r-release-windows-x86_64, r-oldrel-macos-arm64, r-oldrel-macos-x86_64

Version: 1.0.0
Check: dependencies in R code
Result: NOTE
    Namespace in Imports field not imported from: ‘rstantools’
     All declared Imports should be used.
Flavors: r-devel-linux-x86_64-fedora-clang, r-devel-linux-x86_64-fedora-gcc, r-release-macos-arm64, r-release-macos-x86_64, r-oldrel-macos-arm64, r-oldrel-macos-x86_64

Version: 1.0.0
Check: installed package size
Result: NOTE
     installed size is 34.9Mb
     sub-directories of 1Mb or more:
     libs 34.6Mb
Flavors: r-release-macos-arm64, r-release-macos-x86_64, r-oldrel-macos-arm64, r-oldrel-macos-x86_64

Version: 1.0.0
Check: whether package can be installed
Result: ERROR
    Installation failed.
Flavor: r-oldrel-windows-ix86+x86_64