CRAN Package Check Results for Package CKAT

Last updated on 2022-12-04 00:51:26 CET.

Flavor Version Tinstall Tcheck Ttotal Status Flags
r-devel-linux-x86_64-debian-clang 0.1.0 2.84 27.01 29.85 NOTE
r-devel-linux-x86_64-debian-gcc 0.1.0 2.10 20.78 22.88 NOTE
r-devel-linux-x86_64-fedora-clang 0.1.0 48.77 NOTE
r-devel-linux-x86_64-fedora-gcc 0.1.0 45.70 NOTE
r-devel-windows-x86_64 0.1.0 11.00 54.00 65.00 NOTE
r-patched-linux-x86_64 0.1.0 2.85 25.31 28.16 NOTE
r-release-linux-x86_64 0.1.0 2.20 26.17 28.37 NOTE
r-release-macos-arm64 0.1.0 15.00 NOTE
r-release-macos-x86_64 0.1.0 21.00 NOTE
r-release-windows-x86_64 0.1.0 5.00 49.00 54.00 NOTE
r-oldrel-macos-arm64 0.1.0 22.00 NOTE
r-oldrel-macos-x86_64 0.1.0 27.00 NOTE
r-oldrel-windows-ix86+x86_64 0.1.0 6.00 39.00 45.00 NOTE

Check Details

Version: 0.1.0
Check: LazyData
Result: NOTE
     'LazyData' is specified without a 'data' directory
Flavors: r-devel-linux-x86_64-debian-clang, r-devel-linux-x86_64-debian-gcc, r-devel-linux-x86_64-fedora-clang, r-devel-linux-x86_64-fedora-gcc, r-devel-windows-x86_64, r-patched-linux-x86_64, r-release-linux-x86_64, r-release-macos-arm64, r-release-macos-x86_64, r-release-windows-x86_64, r-oldrel-macos-arm64, r-oldrel-macos-x86_64, r-oldrel-windows-ix86+x86_64