CRAN Package Check Results for Package CIplot

Last updated on 2023-06-01 00:59:36 CEST.

Flavor Version Tinstall Tcheck Ttotal Status Flags
r-devel-linux-x86_64-debian-clang 1.0 8.65 66.53 75.18 NOTE
r-devel-linux-x86_64-debian-gcc 1.0 6.73 52.12 58.85 NOTE
r-devel-linux-x86_64-fedora-clang 1.0 94.65 NOTE
r-devel-linux-x86_64-fedora-gcc 1.0 96.75 NOTE
r-devel-windows-x86_64 1.0 8.00 68.00 76.00 NOTE
r-patched-linux-x86_64 1.0 NOTE
r-release-linux-x86_64 1.0 7.20 64.02 71.22 NOTE
r-release-macos-arm64 1.0 35.00 NOTE
r-release-macos-x86_64 1.0 50.00 NOTE
r-release-windows-x86_64 1.0 10.00 78.00 88.00 NOTE
r-oldrel-macos-arm64 1.0 28.00 NOTE
r-oldrel-macos-x86_64 1.0 40.00 NOTE
r-oldrel-windows-x86_64 1.0 10.00 81.00 91.00 NOTE

Check Details

Version: 1.0
Check: package dependencies
Result: NOTE
    Package suggested but not available for checking: ‘userfriendlyscience’
Flavors: r-devel-linux-x86_64-debian-clang, r-devel-linux-x86_64-debian-gcc, r-devel-linux-x86_64-fedora-clang, r-devel-linux-x86_64-fedora-gcc, r-devel-windows-x86_64, r-patched-linux-x86_64, r-release-linux-x86_64, r-release-macos-arm64, r-release-macos-x86_64, r-release-windows-x86_64, r-oldrel-macos-arm64, r-oldrel-macos-x86_64, r-oldrel-windows-x86_64