CRAN Package Check Results for Package CASMAP

Last updated on 2024-02-24 18:54:45 CET.

Flavor Version Tinstall Tcheck Ttotal Status Flags
r-devel-linux-x86_64-debian-clang 0.6.1 65.76 41.22 106.98 NOTE
r-devel-linux-x86_64-debian-gcc 0.6.1 53.59 31.95 85.54 NOTE
r-devel-linux-x86_64-fedora-clang 0.6.1 178.13 NOTE
r-devel-linux-x86_64-fedora-gcc 0.6.1 159.03 NOTE
r-devel-windows-x86_64 0.6.1 56.00 85.00 141.00 NOTE
r-patched-linux-x86_64 0.6.1 68.53 40.12 108.65 NOTE
r-release-linux-x86_64 0.6.1 66.50 39.99 106.49 NOTE
r-release-macos-arm64 0.6.1 48.00 NOTE
r-release-macos-x86_64 0.6.1 86.00 NOTE
r-release-windows-x86_64 0.6.1 58.00 95.00 153.00 NOTE
r-oldrel-macos-arm64 0.6.1 40.00 NOTE
r-oldrel-windows-x86_64 0.6.1 76.00 80.00 156.00 NOTE

Check Details

Version: 0.6.1
Check: C++ specification
Result: NOTE Specified C++11: please drop specification unless essential Flavors: r-devel-linux-x86_64-debian-clang, r-devel-linux-x86_64-debian-gcc, r-devel-linux-x86_64-fedora-clang, r-devel-linux-x86_64-fedora-gcc, r-devel-windows-x86_64, r-patched-linux-x86_64, r-release-linux-x86_64, r-release-macos-arm64, r-release-macos-x86_64, r-release-windows-x86_64

Version: 0.6.1
Check: LazyData
Result: NOTE 'LazyData' is specified without a 'data' directory Flavors: r-devel-linux-x86_64-debian-clang, r-devel-linux-x86_64-debian-gcc, r-devel-linux-x86_64-fedora-clang, r-devel-linux-x86_64-fedora-gcc, r-devel-windows-x86_64, r-patched-linux-x86_64, r-release-linux-x86_64, r-release-macos-arm64, r-release-macos-x86_64, r-release-windows-x86_64, r-oldrel-macos-arm64, r-oldrel-windows-x86_64

Version: 0.6.1
Check: installed package size
Result: NOTE installed size is 5.8Mb sub-directories of 1Mb or more: libs 5.1Mb Flavors: r-release-macos-arm64, r-release-macos-x86_64, r-oldrel-macos-arm64