CRAN Package Check Results for Package CARBayesST

Last updated on 2022-12-01 00:50:56 CET.

Flavor Version Tinstall Tcheck Ttotal Status Flags
r-devel-linux-x86_64-debian-clang 3.3 100.24 283.02 383.26 OK
r-devel-linux-x86_64-debian-gcc 3.3 76.39 208.56 284.95 OK
r-devel-linux-x86_64-fedora-clang 3.3 519.83 OK
r-devel-linux-x86_64-fedora-gcc 3.3 516.14 OK
r-devel-windows-x86_64 3.3 100.00 350.00 450.00 OK
r-patched-linux-x86_64 3.3 76.25 269.64 345.89 OK
r-release-linux-x86_64 3.3 81.41 266.61 348.02 OK
r-release-macos-arm64 3.3 190.00 NOTE
r-release-macos-x86_64 3.3 252.00 NOTE
r-release-windows-x86_64 3.3 77.00 343.00 420.00 OK
r-oldrel-macos-arm64 3.3 185.00 NOTE
r-oldrel-macos-x86_64 3.3 243.00 NOTE
r-oldrel-windows-ix86+x86_64 3.3 175.00 380.00 555.00 OK

Check Details

Version: 3.3
Check: installed package size
Result: NOTE
     installed size is 7.8Mb
     sub-directories of 1Mb or more:
     libs 5.9Mb
Flavors: r-release-macos-arm64, r-release-macos-x86_64, r-oldrel-macos-arm64, r-oldrel-macos-x86_64