CRAN Package Check Results for Package CARBayesST

Last updated on 2021-06-14 07:48:32 CEST.

Flavor Version Tinstall Tcheck Ttotal Status Flags
r-devel-linux-x86_64-debian-clang 3.2.1 98.37 310.21 408.58 OK
r-devel-linux-x86_64-debian-gcc 3.2.1 72.67 227.97 300.64 OK
r-devel-linux-x86_64-fedora-clang 3.2.1 523.19 NOTE
r-devel-linux-x86_64-fedora-gcc 3.2.1 485.97 OK
r-devel-windows-x86_64 3.2.1 120.00 348.00 468.00 OK
r-devel-windows-x86_64-gcc10-UCRT 3.2.1 ERROR
r-patched-linux-x86_64 3.2.1 67.49 298.02 365.51 OK
r-patched-solaris-x86 3.2.1 598.50 OK
r-release-linux-x86_64 3.2.1 65.23 293.06 358.29 OK
r-release-macos-arm64 3.2.1 NOTE
r-release-macos-x86_64 3.2.1 NOTE
r-release-windows-ix86+x86_64 3.2.1 182.00 430.00 612.00 OK
r-oldrel-macos-x86_64 3.2.1 NOTE
r-oldrel-windows-ix86+x86_64 3.2.1 185.00 433.00 618.00 OK

Check Details

Version: 3.2.1
Check: installed package size
Result: NOTE
     installed size is 7.1Mb
     sub-directories of 1Mb or more:
     libs 5.5Mb
Flavors: r-devel-linux-x86_64-fedora-clang, r-release-macos-arm64, r-release-macos-x86_64, r-oldrel-macos-x86_64

Version: 3.2.1
Check: package dependencies
Result: ERROR
    Package required but not available: 'spdep'
    
    See section 'The DESCRIPTION file' in the 'Writing R Extensions'
    manual.
Flavor: r-devel-windows-x86_64-gcc10-UCRT