CRAN Package Check Results for Package CAMML

Last updated on 2022-09-26 21:52:53 CEST.

Flavor Version Tinstall Tcheck Ttotal Status Flags
r-devel-linux-x86_64-debian-clang 0.2.2 46.49 406.23 452.72 OK
r-devel-linux-x86_64-debian-gcc 0.2.2 39.81 297.38 337.19 OK
r-devel-linux-x86_64-fedora-clang 0.2.2 589.54 OK
r-devel-linux-x86_64-fedora-gcc 0.2.2 549.03 OK
r-devel-windows-x86_64 0.2.2 48.00 420.00 468.00 OK
r-patched-linux-x86_64 0.2.2 44.55 383.99 428.54 OK
r-release-linux-x86_64 0.2.2 29.81 386.36 416.17 OK
r-release-macos-arm64 0.2.2 142.00 OK
r-release-macos-x86_64 0.2.2 193.00 OK
r-release-windows-x86_64 0.2.2 46.00 392.00 438.00 OK
r-oldrel-macos-arm64 0.2.2 139.00 OK
r-oldrel-macos-x86_64 0.2.2 183.00 OK
r-oldrel-windows-ix86+x86_64 0.2.2 9.00 27.00 36.00 ERROR

Check Details

Version: 0.2.2
Check: whether package can be installed
Result: ERROR
    Installation failed.
Flavor: r-oldrel-windows-ix86+x86_64