CRAN Package Check Results for Package BuyseTest

Last updated on 2024-02-28 00:56:15 CET.

Flavor Version Tinstall Tcheck Ttotal Status Flags
r-devel-linux-x86_64-debian-clang 3.0.2 118.65 300.54 419.19 OK
r-devel-linux-x86_64-debian-gcc 3.0.2 107.48 248.00 355.48 OK
r-devel-linux-x86_64-fedora-clang 3.0.2 561.75 OK
r-devel-linux-x86_64-fedora-gcc 3.0.2 624.58 OK
r-devel-windows-x86_64 3.0.2 97.00 144.00 241.00 OK --no-examples --no-tests --no-vignettes
r-patched-linux-x86_64 3.0.2 122.13 307.62 429.75 OK
r-release-linux-x86_64 3.0.2 123.91 309.37 433.28 OK
r-release-macos-arm64 3.0.2 138.00 NOTE
r-release-macos-x86_64 3.0.2 311.00 NOTE
r-release-windows-x86_64 3.0.2 128.00 137.00 265.00 OK --no-examples --no-tests --no-vignettes
r-oldrel-macos-arm64 3.0.2 119.00 NOTE
r-oldrel-windows-x86_64 3.0.2 126.00 131.00 257.00 OK --no-examples --no-tests --no-vignettes

Check Details

Version: 3.0.2
Check: installed package size
Result: NOTE installed size is 8.3Mb sub-directories of 1Mb or more: libs 6.9Mb Flavors: r-release-macos-arm64, r-release-macos-x86_64, r-oldrel-macos-arm64