Last updated on 2023-03-21 21:57:01 CET.
Flavor | Version | Tinstall | Tcheck | Ttotal | Status | Flags |
---|---|---|---|---|---|---|
r-devel-linux-x86_64-debian-clang | 1.0.0 | 348.60 | 50.05 | 398.65 | OK | |
r-devel-linux-x86_64-debian-gcc | 1.0.0 | 304.71 | 39.44 | 344.15 | OK | |
r-devel-linux-x86_64-fedora-clang | 1.0.0 | 553.14 | OK | |||
r-devel-linux-x86_64-fedora-gcc | 1.0.0 | 579.94 | OK | |||
r-devel-windows-x86_64 | 1.0.0 | 49.00 | 6.00 | 55.00 | ERROR | |
r-patched-linux-x86_64 | 1.0.0 | 238.69 | 49.61 | 288.30 | OK | |
r-release-linux-x86_64 | 1.0.0 | 250.10 | 49.17 | 299.27 | OK | |
r-release-macos-arm64 | 1.0.0 | 188.00 | NOTE | |||
r-release-macos-x86_64 | 1.0.0 | 170.00 | NOTE | |||
r-release-windows-x86_64 | 1.0.0 | 630.00 | 128.00 | 758.00 | OK | |
r-oldrel-macos-arm64 | 1.0.0 | 164.00 | NOTE | |||
r-oldrel-macos-x86_64 | 1.0.0 | 169.00 | NOTE | |||
r-oldrel-windows-ix86+x86_64 | 1.0.0 | 357.00 | 19.00 | 376.00 | ERROR |
Version: 1.0.0
Check: whether package can be installed
Result: ERROR
Installation failed.
Flavors: r-devel-windows-x86_64, r-oldrel-windows-ix86+x86_64
Version: 1.0.0
Check: installed package size
Result: NOTE
installed size is 90.0Mb
sub-directories of 1Mb or more:
libs 89.9Mb
Flavors: r-release-macos-arm64, r-release-macos-x86_64, r-oldrel-macos-arm64, r-oldrel-macos-x86_64