Last updated on 2023-03-30 12:55:04 CEST.
Flavor | Version | Tinstall | Tcheck | Ttotal | Status | Flags |
---|---|---|---|---|---|---|
r-devel-linux-x86_64-debian-clang | 1.0.3 | 60.49 | 42.43 | 102.92 | OK | |
r-devel-linux-x86_64-debian-gcc | 1.0.3 | 56.54 | 32.81 | 89.35 | OK | |
r-devel-linux-x86_64-fedora-clang | 1.0.3 | 143.89 | OK | |||
r-devel-linux-x86_64-fedora-gcc | 1.0.3 | 153.15 | OK | |||
r-devel-windows-x86_64 | 1.0.3 | 71.00 | 0.00 | 71.00 | OK | |
r-patched-linux-x86_64 | 1.0.3 | 64.72 | 41.09 | 105.81 | OK | |
r-release-linux-x86_64 | 1.0.3 | 53.57 | 42.26 | 95.83 | OK | |
r-release-macos-arm64 | 1.0.3 | 97.00 | OK | |||
r-release-macos-x86_64 | 1.0.3 | 190.00 | NOTE | |||
r-release-windows-x86_64 | 1.0.3 | 64.00 | 98.00 | 162.00 | OK | |
r-oldrel-macos-arm64 | 1.0.3 | 50.00 | NOTE | |||
r-oldrel-macos-x86_64 | 1.0.3 | 78.00 | NOTE | |||
r-oldrel-windows-ix86+x86_64 | 1.0.3 | 142.00 | 91.00 | 233.00 | OK |
Version: 1.0.3
Check: installed package size
Result: NOTE
installed size is 6.3Mb
sub-directories of 1Mb or more:
libs 6.0Mb
Flavors: r-release-macos-x86_64, r-oldrel-macos-arm64, r-oldrel-macos-x86_64