Last updated on 2023-03-31 12:54:07 CEST.
Flavor | Version | Tinstall | Tcheck | Ttotal | Status | Flags |
---|---|---|---|---|---|---|
r-devel-linux-x86_64-debian-clang | 1.2.5 | 50.20 | 120.19 | 170.39 | NOTE | |
r-devel-linux-x86_64-debian-gcc | 1.2.5 | 38.20 | 86.37 | 124.57 | NOTE | |
r-devel-linux-x86_64-fedora-clang | 1.2.5 | 224.72 | NOTE | |||
r-devel-linux-x86_64-fedora-gcc | 1.2.5 | 218.89 | NOTE | |||
r-devel-windows-x86_64 | 1.2.5 | 163.00 | 0.00 | 163.00 | NOTE | |
r-patched-linux-x86_64 | 1.2.5 | 50.76 | 115.92 | 166.68 | NOTE | |
r-release-linux-x86_64 | 1.2.5 | 49.34 | 113.18 | 162.52 | OK | |
r-release-macos-arm64 | 1.2.5 | 88.00 | NOTE | |||
r-release-macos-x86_64 | 1.2.5 | 96.00 | NOTE | |||
r-release-windows-x86_64 | 1.2.5 | 136.00 | 252.00 | 388.00 | OK | |
r-oldrel-macos-arm64 | 1.2.5 | 99.00 | NOTE | |||
r-oldrel-macos-x86_64 | 1.2.5 | 100.00 | NOTE | |||
r-oldrel-windows-ix86+x86_64 | 1.2.5 | 118.00 | 310.00 | 428.00 | NOTE |
Version: 1.2.5
Check: C++ specification
Result: NOTE
Specified C++11: please drop specification unless essential
Flavors: r-devel-linux-x86_64-debian-clang, r-devel-linux-x86_64-debian-gcc, r-devel-linux-x86_64-fedora-clang, r-devel-linux-x86_64-fedora-gcc, r-devel-windows-x86_64, r-patched-linux-x86_64
Version: 1.2.5
Check: installed package size
Result: NOTE
installed size is 6.2Mb
sub-directories of 1Mb or more:
libs 5.6Mb
Flavors: r-devel-linux-x86_64-fedora-clang, r-release-macos-arm64, r-release-macos-x86_64, r-oldrel-macos-arm64, r-oldrel-macos-x86_64, r-oldrel-windows-ix86+x86_64