CRAN Package Check Results for Package BoomSpikeSlab

Last updated on 2021-11-26 19:52:45 CET.

Flavor Version Tinstall Tcheck Ttotal Status Flags
r-devel-linux-x86_64-debian-clang 1.2.4 44.89 112.99 157.88 OK
r-devel-linux-x86_64-debian-gcc 1.2.4 36.17 81.03 117.20 OK
r-devel-linux-x86_64-fedora-clang 1.2.4 218.79 NOTE
r-devel-linux-x86_64-fedora-gcc 1.2.4 196.97 OK
r-devel-windows-x86_64-new-UL 1.2.4 97.00 284.00 381.00 OK
r-devel-windows-x86_64-new-TK 1.2.4 OK
r-devel-windows-x86_64-old 1.2.4 48.00 155.00 203.00 OK
r-patched-linux-x86_64 1.2.4 49.62 104.60 154.22 OK
r-release-linux-x86_64 1.2.4 OK
r-release-macos-arm64 1.2.4 NOTE
r-release-macos-x86_64 1.2.4 NOTE
r-release-windows-ix86+x86_64 1.2.4 113.00 301.00 414.00 NOTE
r-oldrel-macos-x86_64 1.2.4 NOTE
r-oldrel-windows-ix86+x86_64 1.2.4 89.00 304.00 393.00 NOTE

Additional issues

rchk

Check Details

Version: 1.2.4
Check: installed package size
Result: NOTE
     installed size is 68.1Mb
     sub-directories of 1Mb or more:
     libs 67.5Mb
Flavors: r-devel-linux-x86_64-fedora-clang, r-release-macos-arm64, r-release-macos-x86_64, r-release-windows-ix86+x86_64, r-oldrel-macos-x86_64, r-oldrel-windows-ix86+x86_64