CRAN Package Check Results for Package BoardGames

Last updated on 2024-03-01 06:52:36 CET.

Flavor Version Tinstall Tcheck Ttotal Status Flags
r-devel-linux-x86_64-debian-clang 1.0.0 2.36 21.20 23.56 NOTE
r-devel-linux-x86_64-debian-gcc 1.0.0 1.40 16.82 18.22 NOTE
r-devel-linux-x86_64-fedora-clang 1.0.0 29.44 NOTE
r-devel-linux-x86_64-fedora-gcc 1.0.0 28.07 NOTE
r-devel-windows-x86_64 1.0.0 3.00 37.00 40.00 NOTE
r-patched-linux-x86_64 1.0.0 1.66 21.32 22.98 NOTE
r-release-linux-x86_64 1.0.0 1.96 21.44 23.40 NOTE
r-release-macos-arm64 1.0.0 14.00 NOTE
r-release-macos-x86_64 1.0.0 18.00 NOTE
r-release-windows-x86_64 1.0.0 5.00 35.00 40.00 NOTE
r-oldrel-macos-arm64 1.0.0 16.00 NOTE
r-oldrel-windows-x86_64 1.0.0 5.00 43.00 48.00 NOTE

Check Details

Version: 1.0.0
Check: LazyData
Result: NOTE 'LazyData' is specified without a 'data' directory Flavors: r-devel-linux-x86_64-debian-clang, r-devel-linux-x86_64-debian-gcc, r-devel-linux-x86_64-fedora-clang, r-devel-linux-x86_64-fedora-gcc, r-devel-windows-x86_64, r-patched-linux-x86_64, r-release-linux-x86_64, r-release-macos-arm64, r-release-macos-x86_64, r-release-windows-x86_64, r-oldrel-macos-arm64, r-oldrel-windows-x86_64