CRAN Package Check Results for Package Biostatistics

Last updated on 2021-11-26 19:52:44 CET.

Flavor Version Tinstall Tcheck Ttotal Status Flags
r-devel-linux-x86_64-debian-clang 1.0.3 2.57 17.76 20.33 OK
r-devel-linux-x86_64-debian-gcc 1.0.3 1.80 14.12 15.92 OK
r-devel-linux-x86_64-fedora-clang 1.0.3 35.78 NOTE
r-devel-linux-x86_64-fedora-gcc 1.0.3 25.61 NOTE
r-devel-windows-x86_64-new-UL 1.0.3 10.00 58.00 68.00 OK
r-devel-windows-x86_64-new-TK 1.0.3 NOTE
r-devel-windows-x86_64-old 1.0.3 5.00 32.00 37.00 OK
r-patched-linux-x86_64 1.0.3 2.41 17.09 19.50 OK
r-patched-solaris-x86 1.0.3 40.60 NOTE
r-release-linux-x86_64 1.0.3 OK
r-release-macos-arm64 1.0.3 NOTE
r-release-macos-x86_64 1.0.3 NOTE
r-release-windows-ix86+x86_64 1.0.3 6.00 38.00 44.00 OK
r-oldrel-macos-x86_64 1.0.3 NOTE
r-oldrel-windows-ix86+x86_64 1.0.3 6.00 36.00 42.00 OK

Check Details

Version: 1.0.3
Check: data for non-ASCII characters
Result: NOTE
     Note: found 46 marked UTF-8 strings
Flavors: r-devel-linux-x86_64-fedora-clang, r-devel-linux-x86_64-fedora-gcc, r-devel-windows-x86_64-new-TK, r-patched-solaris-x86, r-release-macos-arm64, r-release-macos-x86_64, r-oldrel-macos-x86_64