CRAN Package Check Results for Package BiocManager

Last updated on 2021-08-06 01:50:03 CEST.

Flavor Version Tinstall Tcheck Ttotal Status Flags
r-devel-linux-x86_64-debian-clang 1.30.16 3.09 32.78 35.87 OK
r-devel-linux-x86_64-debian-gcc 1.30.16 2.50 25.86 28.36 OK
r-devel-linux-x86_64-fedora-clang 1.30.16 50.87 OK
r-devel-linux-x86_64-fedora-gcc 1.30.16 51.10 OK
r-devel-windows-x86_64 1.30.16 7.00 54.00 61.00 OK
r-devel-windows-x86_64-gcc10-UCRT 1.30.16 ERROR
r-patched-linux-x86_64 1.30.16 3.04 42.78 45.82 OK
r-patched-solaris-x86 1.30.16 78.60 OK
r-release-linux-x86_64 1.30.16 2.95 42.44 45.39 OK
r-release-macos-arm64 1.30.16 OK
r-release-macos-x86_64 1.30.16 OK
r-release-windows-ix86+x86_64 1.30.16 7.00 68.00 75.00 OK
r-oldrel-macos-x86_64 1.30.16 OK
r-oldrel-windows-ix86+x86_64 1.30.16 8.00 65.00 73.00 OK

Check Details

Version: 1.30.16
Check: package dependencies
Result: NOTE
    Package suggested but not available for checking: 'testthat'
Flavor: r-devel-windows-x86_64-gcc10-UCRT

Version: 1.30.16
Check: tests
Result: ERROR
     Running 'testthat.R'
    Running the tests in 'tests/testthat.R' failed.
    Complete output:
     > library(testthat)
     Error in library(testthat) : there is no package called 'testthat'
     Execution halted
Flavor: r-devel-windows-x86_64-gcc10-UCRT