Last updated on 2022-06-26 12:54:41 CEST.
Flavor | Version | Tinstall | Tcheck | Ttotal | Status | Flags |
---|---|---|---|---|---|---|
r-devel-linux-x86_64-debian-clang | 2.3 | 13.45 | 90.68 | 104.13 | NOTE | |
r-devel-linux-x86_64-debian-gcc | 2.3 | 8.93 | 69.48 | 78.41 | NOTE | |
r-devel-linux-x86_64-fedora-clang | 2.3 | 136.19 | NOTE | |||
r-devel-linux-x86_64-fedora-gcc | 2.3 | 131.21 | NOTE | |||
r-devel-windows-x86_64 | 2.3 | 56.00 | 115.00 | 171.00 | NOTE | |
r-patched-linux-x86_64 | 2.3 | 12.12 | 86.56 | 98.68 | OK | |
r-release-linux-x86_64 | 2.3 | 8.89 | 88.04 | 96.93 | OK | |
r-release-macos-arm64 | 2.3 | 36.00 | OK | |||
r-release-macos-x86_64 | 2.3 | 52.00 | OK | |||
r-release-windows-x86_64 | 2.3 | 55.00 | 118.00 | 173.00 | OK | |
r-oldrel-macos-arm64 | 2.3 | 45.00 | OK | |||
r-oldrel-macos-x86_64 | 2.3 | 76.00 | OK | |||
r-oldrel-windows-ix86+x86_64 | 2.3 | 23.00 | 116.00 | 139.00 | OK |
Version: 2.3
Check: Rd files
Result: NOTE
checkRd: (-1) BinaryEPPM.Rd:159: Escaped LaTeX specials: \&
Flavors: r-devel-linux-x86_64-debian-clang, r-devel-linux-x86_64-debian-gcc, r-devel-linux-x86_64-fedora-clang, r-devel-linux-x86_64-fedora-gcc, r-devel-windows-x86_64
Version: 2.3
Check: Rd cross-references
Result: NOTE
Undeclared packages ‘CountsEPPM’, ‘betareg’ in Rd xrefs
Flavor: r-devel-linux-x86_64-fedora-clang