CRAN Package Check Results for Package BiasCorrector

Last updated on 2021-06-21 19:48:40 CEST.

Flavor Version Tinstall Tcheck Ttotal Status Flags
r-devel-linux-x86_64-debian-clang 0.2.0 6.79 47.20 53.99 OK
r-devel-linux-x86_64-debian-gcc 0.2.0 4.39 35.98 40.37 OK
r-devel-linux-x86_64-fedora-clang 0.2.0 47.04 OK
r-devel-linux-x86_64-fedora-gcc 0.2.0 33.59 OK
r-devel-windows-x86_64 0.2.0 11.00 66.00 77.00 OK
r-devel-windows-x86_64-gcc10-UCRT 0.2.0 NOTE
r-patched-linux-x86_64 0.2.0 6.60 45.03 51.63 OK
r-patched-solaris-x86 0.2.0 86.20 OK
r-release-linux-x86_64 0.2.0 4.84 45.25 50.09 OK
r-release-macos-arm64 0.2.0 OK
r-release-macos-x86_64 0.2.0 OK
r-release-windows-ix86+x86_64 0.2.0 14.00 67.00 81.00 OK
r-oldrel-macos-x86_64 0.2.0 OK

Check Details

Version: 0.2.0
Check: package dependencies
Result: NOTE
    Package suggested but not available for checking: 'lintr'
Flavor: r-devel-windows-x86_64-gcc10-UCRT