CRAN Package Check Results for Package BiDimRegression

Last updated on 2024-06-20 06:57:08 CEST.

Flavor Version Tinstall Tcheck Ttotal Status Flags
r-devel-linux-x86_64-debian-clang 2.0.1 3.88 42.83 46.71 NOTE
r-devel-linux-x86_64-debian-gcc 2.0.1 2.80 32.08 34.88 NOTE
r-devel-linux-x86_64-fedora-clang 2.0.1 59.35 NOTE
r-devel-linux-x86_64-fedora-gcc 2.0.1 69.64 NOTE
r-devel-windows-x86_64 2.0.1 5.00 52.00 57.00 NOTE
r-patched-linux-x86_64 2.0.1 3.57 40.06 43.63 NOTE
r-release-linux-x86_64 2.0.1 2.67 40.81 43.48 NOTE
r-release-macos-arm64 2.0.1 26.00 NOTE
r-release-macos-x86_64 2.0.1 65.00 NOTE
r-release-windows-x86_64 2.0.1 5.00 57.00 62.00 NOTE
r-oldrel-macos-arm64 2.0.1 26.00 OK
r-oldrel-macos-x86_64 2.0.1 40.00 OK
r-oldrel-windows-x86_64 2.0.1 5.00 58.00 63.00 OK

Check Details

Version: 2.0.1
Check: Rd files
Result: NOTE checkRd: (-1) BiDimRegression.Rd:29: Lost braces; missing escapes or markup? 29 | \item \code{euclidean.df1, affine.df1} - degrees of freedom of the nominator used for the F-statistics propagated by Nakaya (1997); df1 = p-2, with p is the number of elements needed to calculate the referring model: p=4 for the Euclidean and p=6 for the affine geometry {Nakaya, 1997, Table 1}. | ^ Flavors: r-devel-linux-x86_64-debian-clang, r-devel-linux-x86_64-debian-gcc, r-devel-linux-x86_64-fedora-clang, r-devel-linux-x86_64-fedora-gcc, r-devel-windows-x86_64, r-patched-linux-x86_64, r-release-linux-x86_64, r-release-macos-arm64, r-release-macos-x86_64, r-release-windows-x86_64