Last updated on 2023-06-02 22:01:07 CEST.
Flavor | Version | Tinstall | Tcheck | Ttotal | Status | Flags |
---|---|---|---|---|---|---|
r-devel-linux-x86_64-debian-clang | 2.1.4 | 47.68 | 194.79 | 242.47 | OK | |
r-devel-linux-x86_64-debian-gcc | 2.1.4 | 33.54 | 146.64 | 180.18 | OK | |
r-devel-linux-x86_64-fedora-clang | 2.1.4 | 308.47 | NOTE | |||
r-devel-linux-x86_64-fedora-gcc | 2.1.4 | 308.92 | NOTE | |||
r-devel-windows-x86_64 | 2.1.4 | 39.00 | 170.00 | 209.00 | OK | |
r-patched-linux-x86_64 | 2.1.4 | OK | ||||
r-release-linux-x86_64 | 2.1.4 | 33.40 | 190.02 | 223.42 | OK | |
r-release-macos-arm64 | 2.1.4 | 70.00 | OK | |||
r-release-macos-x86_64 | 2.1.3 | 136.00 | OK | |||
r-release-windows-x86_64 | 2.1.4 | 48.00 | 208.00 | 256.00 | OK | |
r-oldrel-macos-arm64 | 2.1.4 | 75.00 | OK | |||
r-oldrel-macos-x86_64 | 2.1.4 | 98.00 | OK | |||
r-oldrel-windows-x86_64 | 2.1.4 | 46.00 | 194.00 | 240.00 | OK |
Version: 2.1.4
Check: dependencies in R code
Result: NOTE
Namespace in Imports field not imported from: ‘RBGL’
All declared Imports should be used.
Flavors: r-devel-linux-x86_64-fedora-clang, r-devel-linux-x86_64-fedora-gcc